CRAN Package Check Results for Package rlc

Last updated on 2025-05-03 21:51:30 CEST.

Flavor Version Tinstall Tcheck Ttotal Status Flags
r-devel-linux-x86_64-debian-clang 0.5.0 6.33 36.98 43.31 NOTE
r-devel-linux-x86_64-debian-gcc 0.5.0 4.27 29.08 33.35 NOTE
r-devel-linux-x86_64-fedora-clang 0.5.0 70.16 OK
r-devel-linux-x86_64-fedora-gcc 0.5.0 64.11 OK
r-devel-windows-x86_64 0.5.0 8.00 59.00 67.00 NOTE
r-patched-linux-x86_64 0.5.0 8.15 35.06 43.21 NOTE
r-release-linux-x86_64 NOTE
r-release-macos-arm64 0.5.0 26.00 OK
r-release-macos-x86_64 0.5.0 42.00 OK
r-release-windows-x86_64 0.5.0 8.00 59.00 67.00 NOTE
r-oldrel-macos-arm64 0.5.0 25.00 OK
r-oldrel-macos-x86_64 0.5.0 35.00 OK
r-oldrel-windows-x86_64 0.5.0 10.00 70.00 80.00 OK

Check Details

Version: 0.5.0
Check: Rd cross-references
Result: NOTE Found the following Rd file(s) with Rd \link{} targets missing package anchors: chartEvent.Rd: App Please provide package anchors for all Rd \link{} targets not in the package itself and the base packages. Flavors: r-devel-linux-x86_64-debian-clang, r-devel-linux-x86_64-debian-gcc, r-devel-windows-x86_64, r-patched-linux-x86_64, r-release-linux-x86_64, r-release-windows-x86_64