Last updated on 2024-06-17 06:50:29 CEST.
Flavor | Version | Tinstall | Tcheck | Ttotal | Status | Flags |
---|---|---|---|---|---|---|
r-devel-linux-x86_64-debian-clang | 0.8-0.1 | 396.30 | 408.95 | 805.25 | NOTE | |
r-devel-linux-x86_64-debian-gcc | 0.8-0.1 | 273.11 | 284.60 | 557.71 | NOTE | |
r-devel-linux-x86_64-fedora-clang | 0.8-0.1 | 1094.13 | NOTE | |||
r-devel-linux-x86_64-fedora-gcc | 0.8-0.1 | 1163.31 | NOTE | |||
r-devel-windows-x86_64 | 0.8-0.1 | 350.00 | 358.00 | 708.00 | NOTE | |
r-patched-linux-x86_64 | 0.8-0.1 | 384.14 | 385.41 | 769.55 | NOTE | |
r-release-linux-x86_64 | 0.8-0.1 | 387.60 | 383.19 | 770.79 | NOTE | |
r-release-macos-arm64 | 0.8-0.1 | 135.00 | ERROR | |||
r-release-macos-x86_64 | 0.8-0.1 | 155.00 | ERROR | |||
r-release-windows-x86_64 | 0.8-0.1 | 342.00 | 366.00 | 708.00 | NOTE | |
r-oldrel-macos-arm64 | 0.8-0.1 | 157.00 | ERROR | |||
r-oldrel-macos-x86_64 | 0.8-0.1 | 142.00 | ERROR | |||
r-oldrel-windows-x86_64 | 0.8-0.1 | 410.00 | 458.00 | 868.00 | NOTE |
Version: 0.8-0.1
Check: for GNU extensions in Makefiles
Result: NOTE
GNU make is a SystemRequirements.
Flavors: r-devel-linux-x86_64-debian-clang, r-devel-linux-x86_64-debian-gcc, r-devel-linux-x86_64-fedora-clang, r-devel-linux-x86_64-fedora-gcc, r-devel-windows-x86_64, r-patched-linux-x86_64, r-release-linux-x86_64, r-release-windows-x86_64, r-oldrel-windows-x86_64
Version: 0.8-0.1
Check: installed package size
Result: NOTE
installed size is 28.1Mb
sub-directories of 1Mb or more:
hdf5 11.8Mb
include 6.4Mb
lib 3.8Mb
libs 5.5Mb
Flavors: r-devel-linux-x86_64-fedora-clang, r-devel-windows-x86_64, r-release-windows-x86_64, r-oldrel-windows-x86_64
Version: 0.8-0.1
Check: whether package can be installed
Result: ERROR
Installation failed.
Flavors: r-release-macos-arm64, r-release-macos-x86_64, r-oldrel-macos-arm64, r-oldrel-macos-x86_64