Last updated on 2025-05-03 12:54:53 CEST.
Flavor | Version | Tinstall | Tcheck | Ttotal | Status | Flags |
---|---|---|---|---|---|---|
r-devel-linux-x86_64-debian-clang | 1.1.0 | 4.00 | 41.38 | 45.38 | NOTE | |
r-devel-linux-x86_64-debian-gcc | 1.1.0 | 3.00 | 31.87 | 34.87 | NOTE | |
r-devel-linux-x86_64-fedora-clang | 1.1.0 | 70.84 | OK | |||
r-devel-linux-x86_64-fedora-gcc | 1.1.0 | 69.03 | OK | |||
r-devel-windows-x86_64 | 1.1.0 | 6.00 | 73.00 | 79.00 | OK | |
r-patched-linux-x86_64 | 1.1.0 | 4.37 | 40.12 | 44.49 | OK | |
r-release-linux-x86_64 | OK | |||||
r-release-macos-arm64 | 1.1.0 | 35.00 | OK | |||
r-release-macos-x86_64 | 1.1.0 | 49.00 | OK | |||
r-release-windows-x86_64 | 1.1.0 | 5.00 | 72.00 | 77.00 | OK | |
r-oldrel-macos-arm64 | 1.1.0 | 33.00 | NOTE | |||
r-oldrel-macos-x86_64 | 1.1.0 | 44.00 | NOTE | |||
r-oldrel-windows-x86_64 | 1.1.0 | 7.00 | 81.00 | 88.00 | NOTE |
Version: 1.1.0
Check: CRAN incoming feasibility
Result: NOTE
Maintainer: ‘Michal Burda <michal.burda@osu.cz>’
No Authors@R field in DESCRIPTION.
Please add one, modifying
Authors@R: person(given = "Michal",
family = "Burda",
role = c("aut", "cre"),
email = "michal.burda@osu.cz")
as necessary.
Flavors: r-devel-linux-x86_64-debian-clang, r-devel-linux-x86_64-debian-gcc
Version: 1.1.0
Check: LazyData
Result: NOTE
'LazyData' is specified without a 'data' directory
Flavors: r-oldrel-macos-arm64, r-oldrel-macos-x86_64, r-oldrel-windows-x86_64