Last updated on 2024-06-16 11:58:05 CEST.
Flavor | Version | Tinstall | Tcheck | Ttotal | Status | Flags |
---|---|---|---|---|---|---|
r-devel-linux-x86_64-debian-clang | 2.27 | 11.86 | 87.20 | 99.06 | OK | |
r-devel-linux-x86_64-debian-gcc | 2.27 | 10.64 | 62.77 | 73.41 | OK | |
r-devel-linux-x86_64-fedora-clang | 2.27 | 127.82 | NOTE | |||
r-devel-linux-x86_64-fedora-gcc | 2.27 | 128.67 | OK | |||
r-devel-windows-x86_64 | 2.27 | 12.00 | 89.00 | 101.00 | NOTE | |
r-patched-linux-x86_64 | 2.27 | 15.23 | 81.91 | 97.14 | OK | |
r-release-linux-x86_64 | 2.27 | 12.88 | 83.59 | 96.47 | OK | |
r-release-macos-arm64 | 2.27 | 54.00 | NOTE | |||
r-release-macos-x86_64 | 2.27 | 65.00 | NOTE | |||
r-release-windows-x86_64 | 2.27 | 13.00 | 95.00 | 108.00 | NOTE | |
r-oldrel-macos-arm64 | 2.27 | 50.00 | NOTE | |||
r-oldrel-macos-x86_64 | 2.27 | 97.00 | NOTE | |||
r-oldrel-windows-x86_64 | 2.27 | 17.00 | 100.00 | 117.00 | NOTE |
Version: 2.27
Check: installed package size
Result: NOTE
installed size is 7.3Mb
sub-directories of 1Mb or more:
rmd 6.2Mb
Flavors: r-devel-linux-x86_64-fedora-clang, r-devel-windows-x86_64, r-release-macos-arm64, r-release-macos-x86_64, r-release-windows-x86_64, r-oldrel-macos-arm64, r-oldrel-macos-x86_64, r-oldrel-windows-x86_64