Last updated on 2025-05-03 12:54:53 CEST.
Flavor | Version | Tinstall | Tcheck | Ttotal | Status | Flags |
---|---|---|---|---|---|---|
r-devel-linux-x86_64-debian-clang | 1.3.1 | 4.06 | 33.89 | 37.95 | NOTE | |
r-devel-linux-x86_64-debian-gcc | 1.3.1 | 3.35 | 25.66 | 29.01 | NOTE | |
r-devel-linux-x86_64-fedora-clang | 1.3.1 | 58.99 | OK | |||
r-devel-linux-x86_64-fedora-gcc | 1.3.1 | 54.91 | OK | |||
r-devel-windows-x86_64 | 1.3.1 | 5.00 | 55.00 | 60.00 | OK | |
r-patched-linux-x86_64 | 1.3.1 | 4.30 | 32.14 | 36.44 | OK | |
r-release-linux-x86_64 | OK | |||||
r-release-macos-arm64 | 1.3.1 | 21.00 | OK | |||
r-release-macos-x86_64 | 1.3.1 | 33.00 | OK | |||
r-release-windows-x86_64 | 1.3.1 | 5.00 | 54.00 | 59.00 | OK | |
r-oldrel-macos-arm64 | 1.3.1 | 24.00 | OK | |||
r-oldrel-macos-x86_64 | 1.3.1 | 55.00 | OK | |||
r-oldrel-windows-x86_64 | 1.3.1 | 7.00 | 62.00 | 69.00 | OK |
Version: 1.3.1
Check: CRAN incoming feasibility
Result: NOTE
Maintainer: ‘Mark Peterson <mark.phillip.peterson@gmail.com>’
No Authors@R field in DESCRIPTION.
Please add one, modifying
Authors@R: person(given = "Mark",
family = "Peterson",
role = c("aut", "cre"),
email = "mark.phillip.peterson@gmail.com")
as necessary.
Flavors: r-devel-linux-x86_64-debian-clang, r-devel-linux-x86_64-debian-gcc