Last updated on 2025-05-03 21:51:30 CEST.
Flavor | Version | Tinstall | Tcheck | Ttotal | Status | Flags |
---|---|---|---|---|---|---|
r-devel-linux-x86_64-debian-clang | 0.1.8 | 6.23 | 44.32 | 50.55 | NOTE | |
r-devel-linux-x86_64-debian-gcc | 0.1.8 | 4.14 | 33.95 | 38.09 | NOTE | |
r-devel-linux-x86_64-fedora-clang | 0.1.8 | 82.30 | NOTE | |||
r-devel-linux-x86_64-fedora-gcc | 0.1.8 | 94.33 | NOTE | |||
r-devel-windows-x86_64 | 0.1.8 | 11.00 | 70.00 | 81.00 | NOTE | |
r-patched-linux-x86_64 | 0.1.8 | 5.33 | 40.91 | 46.24 | NOTE | |
r-release-linux-x86_64 | NOTE | |||||
r-release-macos-arm64 | 0.1.8 | 44.00 | NOTE | |||
r-release-macos-x86_64 | 0.1.8 | 78.00 | NOTE | |||
r-release-windows-x86_64 | 0.1.8 | 10.00 | 67.00 | 77.00 | NOTE | |
r-oldrel-macos-arm64 | 0.1.8 | 49.00 | OK | |||
r-oldrel-macos-x86_64 | 0.1.8 | 85.00 | OK | |||
r-oldrel-windows-x86_64 | 0.1.8 | 11.00 | 84.00 | 95.00 | OK |
Version: 0.1.8
Check: DESCRIPTION meta-information
Result: NOTE
Missing dependency on R >= 4.1.0 because package code uses the pipe
|> or function shorthand \(...) syntax added in R 4.1.0.
File(s) using such syntax:
‘decrypt.Rd’ ‘encrypt.Rd’ ‘encrypt_raw.Rd’
Flavors: r-devel-linux-x86_64-debian-clang, r-devel-linux-x86_64-debian-gcc, r-devel-linux-x86_64-fedora-clang, r-devel-linux-x86_64-fedora-gcc, r-devel-windows-x86_64, r-patched-linux-x86_64, r-release-linux-x86_64, r-release-macos-arm64, r-release-macos-x86_64, r-release-windows-x86_64