CRAN Package Check Results for Package rnn

Last updated on 2025-07-23 21:51:57 CEST.

Flavor Version Tinstall Tcheck Ttotal Status Flags
r-devel-linux-x86_64-debian-clang 1.9.0 2.72 185.02 187.74 NOTE
r-devel-linux-x86_64-debian-gcc 1.9.0 2.17 110.39 112.56 NOTE
r-devel-linux-x86_64-fedora-clang 1.9.0 314.27 NOTE
r-devel-linux-x86_64-fedora-gcc 1.9.0 310.24 NOTE
r-devel-windows-x86_64 1.9.0 5.00 165.00 170.00 OK
r-patched-linux-x86_64 1.9.0 3.34 170.81 174.15 OK
r-release-linux-x86_64 1.9.0 3.46 170.41 173.87 OK
r-release-macos-arm64 1.9.0 87.00 OK
r-release-macos-x86_64 1.9.0 162.00 OK
r-release-windows-x86_64 1.9.0 5.00 174.00 179.00 OK
r-oldrel-macos-arm64 1.9.0 70.00 OK
r-oldrel-macos-x86_64 1.9.0 142.00 OK
r-oldrel-windows-x86_64 1.9.0 6.00 246.00 252.00 OK

Check Details

Version: 1.9.0
Check: CRAN incoming feasibility
Result: NOTE Maintainer: ‘Bastiaan Quast <bquast@gmail.com>’ The Description field contains <arXiv:1412.3555>) and vanilla RNN. Please refer to arXiv e-prints via their arXiv DOI <doi:10.48550/arXiv.YYMM.NNNNN>. Flavors: r-devel-linux-x86_64-debian-clang, r-devel-linux-x86_64-debian-gcc

Version: 1.9.0
Check: dependencies in R code
Result: NOTE Namespace in Imports field not imported from: ‘attention’ All declared Imports should be used. Flavors: r-devel-linux-x86_64-fedora-clang, r-devel-linux-x86_64-fedora-gcc