CRAN Package Check Results for Package rnr

Last updated on 2025-05-03 12:54:53 CEST.

Flavor Version Tinstall Tcheck Ttotal Status Flags
r-devel-linux-x86_64-debian-clang 0.2.1 1.62 21.12 22.74 NOTE
r-devel-linux-x86_64-debian-gcc 0.2.1 1.31 16.96 18.27 NOTE
r-devel-linux-x86_64-fedora-clang 0.2.1 34.30 OK
r-devel-linux-x86_64-fedora-gcc 0.2.1 32.84 OK
r-devel-windows-x86_64 0.2.1 3.00 41.00 44.00 OK
r-patched-linux-x86_64 0.2.1 1.58 19.13 20.71 OK
r-release-linux-x86_64 OK
r-release-macos-arm64 0.2.1 19.00 OK
r-release-macos-x86_64 0.2.1 27.00 OK
r-release-windows-x86_64 0.2.1 4.00 42.00 46.00 OK
r-oldrel-macos-arm64 0.2.1 16.00 NOTE
r-oldrel-macos-x86_64 0.2.1 23.00 NOTE
r-oldrel-windows-x86_64 0.2.1 4.00 46.00 50.00 NOTE

Check Details

Version: 0.2.1
Check: CRAN incoming feasibility
Result: NOTE Maintainer: ‘Jongbin Jung <me@jongbin.com>’ No Authors@R field in DESCRIPTION. Please add one, modifying Authors@R: person(given = "Jongbin", family = "Jung", role = c("aut", "cre"), email = "me@jongbin.com") as necessary. The Description field contains implemented in Jung et al. (2017) <arXiv:1702.04690> based on Rosenbaum Please refer to arXiv e-prints via their arXiv DOI <doi:10.48550/arXiv.YYMM.NNNNN>. Flavors: r-devel-linux-x86_64-debian-clang, r-devel-linux-x86_64-debian-gcc

Version: 0.2.1
Check: LazyData
Result: NOTE 'LazyData' is specified without a 'data' directory Flavors: r-oldrel-macos-arm64, r-oldrel-macos-x86_64, r-oldrel-windows-x86_64