Last updated on 2025-05-03 21:51:30 CEST.
Flavor | Version | Tinstall | Tcheck | Ttotal | Status | Flags |
---|---|---|---|---|---|---|
r-devel-linux-x86_64-debian-clang | 3.3-1 | 47.68 | 297.88 | 345.56 | NOTE | |
r-devel-linux-x86_64-debian-gcc | 3.3-1 | 32.54 | 210.78 | 243.32 | NOTE | |
r-devel-linux-x86_64-fedora-clang | 3.3-1 | 319.28 | OK | |||
r-devel-linux-x86_64-fedora-gcc | 3.3-1 | 386.50 | WARN | |||
r-devel-windows-x86_64 | 3.3-1 | 55.00 | 333.00 | 388.00 | NOTE | |
r-patched-linux-x86_64 | 3.3-1 | 49.56 | 288.64 | 338.20 | NOTE | |
r-release-linux-x86_64 | NOTE | |||||
r-release-macos-arm64 | 3.3-1 | 167.00 | OK | |||
r-release-macos-x86_64 | 3.3-1 | 371.00 | OK | |||
r-release-windows-x86_64 | 3.3-1 | 55.00 | 327.00 | 382.00 | NOTE | |
r-oldrel-macos-arm64 | 3.3-1 | 156.00 | NOTE | |||
r-oldrel-macos-x86_64 | 3.3-1 | 222.00 | NOTE | |||
r-oldrel-windows-x86_64 | 3.3-1 | 66.00 | 425.00 | 491.00 | NOTE |
Version: 3.3-1
Check: CRAN incoming feasibility
Result: NOTE
Maintainer: ‘Manuel Koller <kollerma@proton.me>’
No Authors@R field in DESCRIPTION.
Please add one, modifying
Authors@R: person(given = "Manuel",
family = "Koller",
role = c("aut", "cre"),
email = "kollerma@proton.me")
as necessary.
Flavors: r-devel-linux-x86_64-debian-clang, r-devel-linux-x86_64-debian-gcc
Version: 3.3-1
Check: Rd cross-references
Result: NOTE
Found the following Rd file(s) with Rd \link{} targets missing package
anchors:
compare.Rd: xtable, print.xtable
fitDatasets.Rd: lmer
getME.Rd: merMod-class, fixef, glmer, glmerControl, ranef
prepareMixedEffectDataset.Rd: lmer
processFit.Rd: lmer
rlmer.Rd: lmer
rlmerMod-class.Rd: lmer, fixef.merMod, isGLMM, isLMM, isNLMM, isREML,
predict.merMod, ranef.merMod, VarCorr.merMod, merMod
robustlmm-package.Rd: lmer, lme4
Please provide package anchors for all Rd \link{} targets not in the
package itself and the base packages.
Flavors: r-devel-linux-x86_64-debian-clang, r-devel-linux-x86_64-debian-gcc, r-devel-windows-x86_64, r-patched-linux-x86_64, r-release-linux-x86_64, r-release-windows-x86_64
Version: 3.3-1
Check: whether package can be installed
Result: WARN
Found the following significant warnings:
/usr/local/gcc15/include/c++/15.1.0/bits/stl_algobase.h:426:32: warning: 'void* __builtin_memmove(void*, const void*, long unsigned int)' forming offset 8 is out of the bounds [0, 8] [-Warray-bounds=]
See ‘/data/gannet/ripley/R/packages/tests-devel/robustlmm.Rcheck/00install.out’ for details.
* used C compiler: ‘gcc-15 (GCC) 15.1.0’
* used C++ compiler: ‘g++-15 (GCC) 15.1.0’
Flavor: r-devel-linux-x86_64-fedora-gcc
Version: 3.3-1
Check: installed package size
Result: NOTE
installed size is 9.2Mb
sub-directories of 1Mb or more:
doc 1.7Mb
libs 5.2Mb
simulationStudy 1.5Mb
Flavors: r-oldrel-macos-arm64, r-oldrel-macos-x86_64, r-oldrel-windows-x86_64