Last updated on 2025-05-03 12:54:53 CEST.
Flavor | Version | Tinstall | Tcheck | Ttotal | Status | Flags |
---|---|---|---|---|---|---|
r-devel-linux-x86_64-debian-clang | 0.3.0 | 3.36 | 101.45 | 104.81 | NOTE | |
r-devel-linux-x86_64-debian-gcc | 0.3.0 | 2.04 | 74.66 | 76.70 | NOTE | |
r-devel-linux-x86_64-fedora-clang | 0.3.0 | 157.38 | OK | |||
r-devel-linux-x86_64-fedora-gcc | 0.3.0 | 168.24 | OK | |||
r-devel-windows-x86_64 | 0.3.0 | 5.00 | 88.00 | 93.00 | OK | |
r-patched-linux-x86_64 | 0.3.0 | 3.46 | 96.81 | 100.27 | OK | |
r-release-linux-x86_64 | OK | |||||
r-release-macos-arm64 | 0.3.0 | 47.00 | OK | |||
r-release-macos-x86_64 | 0.3.0 | 83.00 | OK | |||
r-release-windows-x86_64 | 0.3.0 | 5.00 | 88.00 | 93.00 | OK | |
r-oldrel-macos-arm64 | 0.3.0 | 49.00 | OK | |||
r-oldrel-macos-x86_64 | 0.3.0 | 101.00 | OK | |||
r-oldrel-windows-x86_64 | 0.3.0 | 7.00 | 112.00 | 119.00 | OK |
Version: 0.3.0
Check: CRAN incoming feasibility
Result: NOTE
Maintainer: ‘Luke McGuinness <luke.mcguinness@bristol.ac.uk>’
Package CITATION file contains call(s) to old-style citEntry(). Please
use bibentry() instead.
The BugReports field in DESCRIPTION has
https://github.com/mcguinlu/robvis
which should likely be
https://github.com/mcguinlu/robvis/issues
instead.
Flavors: r-devel-linux-x86_64-debian-clang, r-devel-linux-x86_64-debian-gcc