Last updated on 2025-05-03 21:51:30 CEST.
Flavor | Version | Tinstall | Tcheck | Ttotal | Status | Flags |
---|---|---|---|---|---|---|
r-devel-linux-x86_64-debian-clang | 3.1.0 | 36.86 | 167.77 | 204.63 | OK | |
r-devel-linux-x86_64-debian-gcc | 3.1.0 | 22.80 | 109.43 | 132.23 | OK | |
r-devel-linux-x86_64-fedora-clang | 3.1.0 | 320.44 | OK | |||
r-devel-linux-x86_64-fedora-gcc | 3.1.0 | 334.88 | OK | |||
r-devel-windows-x86_64 | 3.1.0 | 35.00 | 0.00 | 35.00 | FAIL | |
r-patched-linux-x86_64 | 3.1.0 | 36.75 | 158.06 | 194.81 | OK | |
r-release-linux-x86_64 | OK | |||||
r-release-macos-arm64 | 3.1.0 | 74.00 | OK | |||
r-release-macos-x86_64 | 3.1.0 | 169.00 | OK | |||
r-release-windows-x86_64 | 3.1.0 | 34.00 | 149.00 | 183.00 | OK | |
r-oldrel-macos-arm64 | 3.1.0 | 85.00 | OK | |||
r-oldrel-macos-x86_64 | 3.1.0 | 125.00 | OK | |||
r-oldrel-windows-x86_64 | 3.1.0 | 47.00 | 193.00 | 240.00 | OK |
Version: 3.1.0
Check: PDF version of manual
Result: FAIL
Check process probably crashed or hung up for 20 minutes ... killed
Most likely this happened in the example checks (?),
if not, ignore the following last lines of example output:
> marker2 = markers[,2]
> D = c(rbind(dx,dy))
>
> out=threerocs2(marker1, marker2, D, plots = "on")
> summary(out)
Length Class Mode
AUC_BoxCox1 1 -none- numeric
AUC_BoxCox2 1 -none- numeric
AUC_Metz1 1 -none- numeric
AUC_Metz2 1 -none- numeric
AUC_Empirical1 1 -none- numeric
AUC_Empirical2 1 -none- numeric
>
>
>
> ### * <FOOTER>
> ###
> cleanEx()
> options(digits = 7L)
> base::cat("Time elapsed: ", proc.time() - base::get("ptime", pos = 'CheckExEnv'),"\n")
Time elapsed: 7.75 0.5 8.27 NA NA
> grDevices::dev.off()
null device
1
> ###
> ### Local variables: ***
> ### mode: outline-minor ***
> ### outline-regexp: "\\(> \\)?### [*]+" ***
> ### End: ***
> quit('no')
======== End of example output (where/before crash/hang up occured ?) ========
Flavor: r-devel-windows-x86_64