Last updated on 2025-05-03 21:51:30 CEST.
Flavor | Version | Tinstall | Tcheck | Ttotal | Status | Flags |
---|---|---|---|---|---|---|
r-devel-linux-x86_64-debian-clang | 0.1.0 | 1.65 | 17.77 | 19.42 | OK | |
r-devel-linux-x86_64-debian-gcc | 0.1.0 | 1.23 | 15.10 | 16.33 | OK | |
r-devel-linux-x86_64-fedora-clang | 0.1.0 | 28.23 | OK | |||
r-devel-linux-x86_64-fedora-gcc | 0.1.0 | 27.47 | OK | |||
r-devel-windows-x86_64 | 0.1.0 | 3.00 | 45.00 | 48.00 | OK | |
r-patched-linux-x86_64 | 0.1.0 | 1.84 | 16.08 | 17.92 | OK | |
r-release-linux-x86_64 | OK | |||||
r-release-macos-arm64 | 0.1.0 | 17.00 | OK | |||
r-release-macos-x86_64 | 0.1.0 | 24.00 | OK | |||
r-release-windows-x86_64 | 0.1.0 | 3.00 | 40.00 | 43.00 | OK | |
r-oldrel-macos-arm64 | 0.1.0 | 14.00 | NOTE | |||
r-oldrel-macos-x86_64 | 0.1.0 | 24.00 | NOTE | |||
r-oldrel-windows-x86_64 | 0.1.0 | 3.00 | 41.00 | 44.00 | NOTE |
Version: 0.1.0
Check: LazyData
Result: NOTE
'LazyData' is specified without a 'data' directory
Flavors: r-oldrel-macos-arm64, r-oldrel-macos-x86_64, r-oldrel-windows-x86_64