Last updated on 2025-05-03 21:51:30 CEST.
Flavor | Version | Tinstall | Tcheck | Ttotal | Status | Flags |
---|---|---|---|---|---|---|
r-devel-linux-x86_64-debian-clang | 0.1-2 | 2.16 | 25.62 | 27.78 | NOTE | |
r-devel-linux-x86_64-debian-gcc | 0.1-2 | 1.79 | 21.00 | 22.79 | NOTE | |
r-devel-linux-x86_64-fedora-clang | 0.1-2 | 42.36 | OK | |||
r-devel-linux-x86_64-fedora-gcc | 0.1-2 | 41.20 | OK | |||
r-devel-windows-x86_64 | 0.1-2 | 5.00 | 48.00 | 53.00 | OK | |
r-patched-linux-x86_64 | 0.1-2 | 2.24 | 24.37 | 26.61 | OK | |
r-release-linux-x86_64 | OK | |||||
r-release-macos-arm64 | 0.1-2 | 21.00 | OK | |||
r-release-macos-x86_64 | 0.1-2 | 43.00 | OK | |||
r-release-windows-x86_64 | 0.1-2 | 3.00 | 47.00 | 50.00 | OK | |
r-oldrel-macos-arm64 | 0.1-2 | 25.00 | OK | |||
r-oldrel-macos-x86_64 | 0.1-2 | 29.00 | OK | |||
r-oldrel-windows-x86_64 | 0.1-2 | 5.00 | 54.00 | 59.00 | OK |
Version: 0.1-2
Check: CRAN incoming feasibility
Result: NOTE
Maintainer: ‘Paul Murrell <paul@stat.auckland.ac.nz>’
No Authors@R field in DESCRIPTION.
Please add one, modifying
Authors@R: person(given = "Paul",
family = "Murrell",
role = c("aut", "cre"),
email = "paul@stat.auckland.ac.nz")
as necessary.
Flavors: r-devel-linux-x86_64-debian-clang, r-devel-linux-x86_64-debian-gcc