Last updated on 2025-05-03 21:51:30 CEST.
Flavor | Version | Tinstall | Tcheck | Ttotal | Status | Flags |
---|---|---|---|---|---|---|
r-devel-linux-x86_64-debian-clang | 1.0.0 | 1.97 | 51.52 | 53.49 | NOTE | |
r-devel-linux-x86_64-debian-gcc | 1.0.0 | 1.25 | 35.08 | 36.33 | NOTE | |
r-devel-linux-x86_64-fedora-clang | 1.0.0 | 82.65 | OK | |||
r-devel-linux-x86_64-fedora-gcc | 1.0.0 | 79.21 | OK | |||
r-devel-windows-x86_64 | 1.0.0 | 3.00 | 65.00 | 68.00 | OK | |
r-patched-linux-x86_64 | 1.0.0 | 2.14 | 48.72 | 50.86 | OK | |
r-release-linux-x86_64 | OK | |||||
r-release-macos-arm64 | 1.0.0 | 27.00 | OK | |||
r-release-macos-x86_64 | 1.0.0 | 54.00 | OK | |||
r-release-windows-x86_64 | 1.0.0 | 3.00 | 65.00 | 68.00 | OK | |
r-oldrel-macos-arm64 | 1.0.0 | 24.00 | NOTE | |||
r-oldrel-macos-x86_64 | 1.0.0 | 37.00 | NOTE | |||
r-oldrel-windows-x86_64 | 1.0.0 | 3.00 | 85.00 | 88.00 | NOTE |
Version: 1.0.0
Check: CRAN incoming feasibility
Result: NOTE
Maintainer: ‘Pingping Qu <quping14@gmail.com>’
No Authors@R field in DESCRIPTION.
Please add one, modifying
Authors@R: c(person(given = "Pingping",
family = "Qu",
role = c("aut", "cre"),
email = "quping14@gmail.com"),
person(given = "John",
family = "Crowley",
role = "aut"))
as necessary.
Flavors: r-devel-linux-x86_64-debian-clang, r-devel-linux-x86_64-debian-gcc
Version: 1.0.0
Check: LazyData
Result: NOTE
'LazyData' is specified without a 'data' directory
Flavors: r-oldrel-macos-arm64, r-oldrel-macos-x86_64, r-oldrel-windows-x86_64