CRAN Package Check Results for Package ropensecretsapi

Last updated on 2025-05-04 03:51:05 CEST.

Flavor Version Tinstall Tcheck Ttotal Status Flags
r-devel-linux-x86_64-debian-clang 1.0.1 2.29 24.02 26.31 NOTE
r-devel-linux-x86_64-debian-gcc 1.0.1 1.77 19.37 21.14 NOTE
r-devel-linux-x86_64-fedora-clang 1.0.1 41.09 OK
r-devel-linux-x86_64-fedora-gcc 1.0.1 38.84 OK
r-devel-windows-x86_64 1.0.1 3.00 46.00 49.00 OK
r-patched-linux-x86_64 1.0.1 2.65 23.08 25.73 OK
r-release-linux-x86_64 OK
r-release-macos-arm64 1.0.1 18.00 OK
r-release-macos-x86_64 1.0.1 29.00 OK
r-release-windows-x86_64 1.0.1 4.00 50.00 54.00 OK
r-oldrel-macos-arm64 1.0.1 17.00 OK
r-oldrel-macos-x86_64 1.0.1 24.00 OK
r-oldrel-windows-x86_64 1.0.1 3.00 44.00 47.00 OK

Check Details

Version: 1.0.1
Check: CRAN incoming feasibility
Result: NOTE Maintainer: ‘Thomas P. Fuller <thomas.fuller@coherentlogic.com>’ No Authors@R field in DESCRIPTION. Please add one, modifying Authors@R: person(given = c("Thomas", "P."), family = "Fuller", role = c("aut", "cre"), email = "thomas.fuller@coherentlogic.com") as necessary. Flavors: r-devel-linux-x86_64-debian-clang, r-devel-linux-x86_64-debian-gcc