CRAN Package Check Results for Package roptim

Last updated on 2025-07-24 06:49:38 CEST.

Flavor Version Tinstall Tcheck Ttotal Status Flags
r-devel-linux-x86_64-debian-clang 0.1.6 21.92 27.65 49.57 NOTE
r-devel-linux-x86_64-debian-gcc 0.1.6 17.65 22.74 40.39 NOTE
r-devel-linux-x86_64-fedora-clang 0.1.6 93.25 NOTE
r-devel-linux-x86_64-fedora-gcc 0.1.6 97.35 NOTE
r-devel-windows-x86_64 0.1.6 28.00 63.00 91.00 NOTE
r-patched-linux-x86_64 0.1.6 22.48 26.19 48.67 NOTE
r-release-linux-x86_64 0.1.6 23.43 26.19 49.62 NOTE
r-release-macos-arm64 0.1.6 44.00 NOTE
r-release-macos-x86_64 0.1.6 66.00 NOTE
r-release-windows-x86_64 0.1.6 27.00 63.00 90.00 NOTE
r-oldrel-macos-arm64 0.1.6 37.00 NOTE
r-oldrel-macos-x86_64 0.1.6 50.00 NOTE
r-oldrel-windows-x86_64 0.1.6 33.00 78.00 111.00 NOTE

Check Details

Version: 0.1.6
Check: CRAN incoming feasibility
Result: NOTE Maintainer: ‘Yi Pan <ypan1988@gmail.com>’ No Authors@R field in DESCRIPTION. Please add one, modifying Authors@R: person(given = "Yi", family = "Pan", role = c("aut", "cre"), email = "ypan1988@gmail.com") as necessary. Flavors: r-devel-linux-x86_64-debian-clang, r-devel-linux-x86_64-debian-gcc

Version: 0.1.6
Check: C++ specification
Result: NOTE Specified C++11: please drop specification unless essential Flavors: r-devel-linux-x86_64-debian-clang, r-devel-linux-x86_64-debian-gcc, r-devel-linux-x86_64-fedora-clang, r-devel-linux-x86_64-fedora-gcc, r-devel-windows-x86_64, r-patched-linux-x86_64, r-release-linux-x86_64, r-release-macos-arm64, r-release-macos-x86_64, r-release-windows-x86_64, r-oldrel-macos-arm64, r-oldrel-macos-x86_64, r-oldrel-windows-x86_64