Last updated on 2025-07-26 21:50:04 CEST.
Flavor | Version | Tinstall | Tcheck | Ttotal | Status | Flags |
---|---|---|---|---|---|---|
r-devel-linux-x86_64-debian-clang | 0.2.1 | 1.68 | 20.24 | 21.92 | NOTE | |
r-devel-linux-x86_64-debian-gcc | 0.2.1 | 1.43 | 17.17 | 18.60 | NOTE | |
r-devel-linux-x86_64-fedora-clang | 0.2.1 | 32.13 | OK | |||
r-devel-linux-x86_64-fedora-gcc | 0.2.1 | 30.09 | OK | |||
r-devel-windows-x86_64 | 0.2.1 | 3.00 | 46.00 | 49.00 | OK | |
r-patched-linux-x86_64 | 0.2.1 | 1.63 | 17.93 | 19.56 | OK | |
r-release-linux-x86_64 | 0.2.1 | 1.62 | 18.12 | 19.74 | OK | |
r-release-macos-arm64 | 0.2.1 | 13.00 | OK | |||
r-release-macos-x86_64 | 0.2.1 | 24.00 | OK | |||
r-release-windows-x86_64 | 0.2.1 | 3.00 | 39.00 | 42.00 | OK | |
r-oldrel-macos-arm64 | 0.2.1 | 14.00 | OK | |||
r-oldrel-macos-x86_64 | 0.2.1 | 21.00 | OK | |||
r-oldrel-windows-x86_64 | 0.2.1 | 3.00 | 45.00 | 48.00 | OK |
Version: 0.2.1
Check: CRAN incoming feasibility
Result: NOTE
Maintainer: ‘Kun Ren <ken@renkun.me>’
No Authors@R field in DESCRIPTION.
Please add one, modifying
Authors@R: person(given = "Kun",
family = "Ren",
role = c("aut", "cre"),
email = "ken@renkun.me")
as necessary.
Flavors: r-devel-linux-x86_64-debian-clang, r-devel-linux-x86_64-debian-gcc