Last updated on 2025-07-24 12:51:37 CEST.
Flavor | Version | Tinstall | Tcheck | Ttotal | Status | Flags |
---|---|---|---|---|---|---|
r-devel-linux-x86_64-debian-clang | 2.1.2 | 13.50 | 109.84 | 123.34 | NOTE | |
r-devel-linux-x86_64-debian-gcc | 2.1.2 | 10.36 | 75.66 | 86.02 | NOTE | |
r-devel-linux-x86_64-fedora-clang | 2.1.2 | 197.39 | OK | |||
r-devel-linux-x86_64-fedora-gcc | 2.1.2 | 179.58 | OK | |||
r-devel-windows-x86_64 | 2.1.2 | 16.00 | 116.00 | 132.00 | OK | |
r-patched-linux-x86_64 | 2.1.2 | 15.81 | 101.36 | 117.17 | OK | |
r-release-linux-x86_64 | 2.1.2 | 14.16 | 100.60 | 114.76 | OK | |
r-release-macos-arm64 | 2.1.2 | 54.00 | OK | |||
r-release-macos-x86_64 | 2.1.2 | 95.00 | OK | |||
r-release-windows-x86_64 | 2.1.2 | 17.00 | 117.00 | 134.00 | OK | |
r-oldrel-macos-arm64 | 2.1.2 | 46.00 | OK | |||
r-oldrel-macos-x86_64 | 2.1.2 | 70.00 | OK | |||
r-oldrel-windows-x86_64 | 2.1.2 | 21.00 | 139.00 | 160.00 | OK |
Version: 2.1.2
Check: CRAN incoming feasibility
Result: NOTE
Maintainer: ‘Matthias Greiner <matthias.greiner@bfr.bund.de>’
Found the following \keyword or \concept entries
which likely give several index terms:
File ‘rriskDistributions-package.Rd’:
\concept{
Beta, Normal, Lognormal, Cauhy, Chi-Quad [TRUNCATED]
Flavors: r-devel-linux-x86_64-debian-clang, r-devel-linux-x86_64-debian-gcc