Last updated on 2025-05-03 21:51:31 CEST.
Flavor | Version | Tinstall | Tcheck | Ttotal | Status | Flags |
---|---|---|---|---|---|---|
r-devel-linux-x86_64-debian-clang | 0.5.0 | 5.02 | 91.57 | 96.59 | NOTE | |
r-devel-linux-x86_64-debian-gcc | 0.5.0 | 3.60 | 68.01 | 71.61 | NOTE | |
r-devel-linux-x86_64-fedora-clang | 0.5.0 | 148.58 | OK | |||
r-devel-linux-x86_64-fedora-gcc | 0.5.0 | 175.76 | OK | |||
r-devel-windows-x86_64 | 0.5.0 | 7.00 | 119.00 | 126.00 | OK | |
r-patched-linux-x86_64 | 0.5.0 | 4.69 | 88.62 | 93.31 | OK | |
r-release-linux-x86_64 | OK | |||||
r-release-macos-arm64 | 0.5.0 | 47.00 | OK | |||
r-release-macos-x86_64 | 0.5.0 | 99.00 | OK | |||
r-release-windows-x86_64 | 0.5.0 | 8.00 | 112.00 | 120.00 | OK | |
r-oldrel-macos-arm64 | 0.5.0 | 48.00 | OK | |||
r-oldrel-macos-x86_64 | 0.5.0 | 80.00 | OK | |||
r-oldrel-windows-x86_64 | 0.5.0 | 8.00 | 142.00 | 150.00 | OK |
Version: 0.5.0
Check: CRAN incoming feasibility
Result: NOTE
Maintainer: ‘Jonathan Bourne <jonathan.s.bourne@gmail.com>’
Package CITATION file contains call(s) to old-style citEntry(). Please
use bibentry() instead.
Flavors: r-devel-linux-x86_64-debian-clang, r-devel-linux-x86_64-debian-gcc