Last updated on 2025-05-03 21:51:31 CEST.
Flavor | Version | Tinstall | Tcheck | Ttotal | Status | Flags |
---|---|---|---|---|---|---|
r-devel-linux-x86_64-debian-clang | 0.3.2 | 4.36 | 77.36 | 81.72 | NOTE | |
r-devel-linux-x86_64-debian-gcc | 0.3.2 | 2.81 | 54.15 | 56.96 | NOTE | |
r-devel-linux-x86_64-fedora-clang | 0.3.2 | 125.44 | NOTE | |||
r-devel-linux-x86_64-fedora-gcc | 0.3.2 | 145.10 | NOTE | |||
r-devel-windows-x86_64 | 0.3.2 | 6.00 | 91.00 | 97.00 | NOTE | |
r-patched-linux-x86_64 | 0.3.2 | 4.59 | 71.60 | 76.19 | NOTE | |
r-release-linux-x86_64 | NOTE | |||||
r-release-macos-arm64 | 0.3.2 | 51.00 | NOTE | |||
r-release-macos-x86_64 | 0.3.2 | 85.00 | NOTE | |||
r-release-windows-x86_64 | 0.3.2 | 8.00 | 90.00 | 98.00 | NOTE | |
r-oldrel-macos-arm64 | 0.3.2 | 53.00 | OK | |||
r-oldrel-macos-x86_64 | 0.3.2 | 84.00 | OK | |||
r-oldrel-windows-x86_64 | 0.3.2 | 9.00 | 109.00 | 118.00 | OK |
Version: 0.3.2
Check: DESCRIPTION meta-information
Result: NOTE
Missing dependency on R >= 4.1.0 because package code uses the pipe
|> or function shorthand \(...) syntax added in R 4.1.0.
File(s) using such syntax:
‘calculate_indices.Rd’ ‘get_stac_data.R’ ‘get_stac_data.Rd’
‘landsat_mask_function.Rd’
Flavors: r-devel-linux-x86_64-debian-clang, r-devel-linux-x86_64-debian-gcc, r-devel-linux-x86_64-fedora-clang, r-devel-linux-x86_64-fedora-gcc, r-devel-windows-x86_64, r-patched-linux-x86_64, r-release-linux-x86_64, r-release-macos-arm64, r-release-macos-x86_64, r-release-windows-x86_64