Last updated on 2025-05-03 12:54:53 CEST.
Flavor | Version | Tinstall | Tcheck | Ttotal | Status | Flags |
---|---|---|---|---|---|---|
r-devel-linux-x86_64-debian-clang | 1.0.1 | 7.26 | 55.24 | 62.50 | NOTE | |
r-devel-linux-x86_64-debian-gcc | 1.0.1 | 5.48 | 40.65 | 46.13 | NOTE | |
r-devel-linux-x86_64-fedora-clang | 1.0.1 | 100.25 | NOTE | |||
r-devel-linux-x86_64-fedora-gcc | 1.0.1 | 103.41 | NOTE | |||
r-devel-windows-x86_64 | 1.0.1 | 8.00 | 70.00 | 78.00 | NOTE | |
r-patched-linux-x86_64 | 1.0.1 | 8.85 | 51.42 | 60.27 | NOTE | |
r-release-linux-x86_64 | NOTE | |||||
r-release-macos-arm64 | 1.0.1 | 32.00 | NOTE | |||
r-release-macos-x86_64 | 1.0.1 | 59.00 | NOTE | |||
r-release-windows-x86_64 | 1.0.1 | 11.00 | 71.00 | 82.00 | NOTE | |
r-oldrel-macos-arm64 | 1.0.1 | 31.00 | OK | |||
r-oldrel-macos-x86_64 | 1.0.1 | 79.00 | OK | |||
r-oldrel-windows-x86_64 | 1.0.1 | 10.00 | 83.00 | 93.00 | OK |
Version: 1.0.1
Check: DESCRIPTION meta-information
Result: NOTE
Missing dependency on R >= 4.1.0 because package code uses the pipe
|> or function shorthand \(...) syntax added in R 4.1.0.
File(s) using such syntax:
‘geom-funs.R’
Flavors: r-devel-linux-x86_64-debian-clang, r-devel-linux-x86_64-debian-gcc, r-devel-linux-x86_64-fedora-clang, r-devel-linux-x86_64-fedora-gcc, r-devel-windows-x86_64, r-patched-linux-x86_64, r-release-linux-x86_64, r-release-macos-arm64, r-release-macos-x86_64, r-release-windows-x86_64