Last updated on 2025-05-03 12:54:53 CEST.
Flavor | Version | Tinstall | Tcheck | Ttotal | Status | Flags |
---|---|---|---|---|---|---|
r-devel-linux-x86_64-debian-clang | 2.32.1 | 1818.37 | 476.80 | 2295.17 | NOTE | |
r-devel-linux-x86_64-debian-gcc | 2.32.1 | 1377.06 | 440.41 | 1817.47 | NOTE | |
r-devel-linux-x86_64-fedora-clang | 2.32.1 | 3446.91 | OK | |||
r-devel-linux-x86_64-fedora-gcc | 2.32.1 | 4167.36 | OK | |||
r-devel-windows-x86_64 | 2.32.1 | 1465.00 | 292.00 | 1757.00 | NOTE | --no-examples --no-tests --no-vignettes |
r-patched-linux-x86_64 | 2.32.1 | 1914.79 | 622.04 | 2536.83 | NOTE | |
r-release-linux-x86_64 | NOTE | |||||
r-release-macos-arm64 | 2.32.1 | 966.00 | OK | |||
r-release-macos-x86_64 | 2.32.1 | 1100.00 | OK | |||
r-release-windows-x86_64 | 2.32.1 | 1485.00 | 285.00 | 1770.00 | NOTE | --no-examples --no-tests --no-vignettes |
r-oldrel-macos-arm64 | 2.32.1 | 515.00 | NOTE | |||
r-oldrel-macos-x86_64 | 2.32.1 | 508.00 | NOTE | |||
r-oldrel-windows-x86_64 | 2.32.1 | 1532.00 | 302.00 | 1834.00 | NOTE | --no-examples --no-tests --no-vignettes |
Version: 2.32.1
Check: Rd cross-references
Result: NOTE
Found the following Rd file(s) with Rd \link{} targets missing package
anchors:
launch_shinystan.stanreg.Rd: shinystan-package
loo.stanreg.Rd: loo-package
plot.stanreg.Rd: bayesplot
pp_check.stanreg.Rd: bayesplot
stan_betareg.Rd: stanfit-class
stan_glm.Rd: stanfit-class
stan_lm.Rd: stanfit-class
stan_polr.Rd: stanfit-class
Please provide package anchors for all Rd \link{} targets not in the
package itself and the base packages.
Flavors: r-devel-linux-x86_64-debian-clang, r-devel-linux-x86_64-debian-gcc, r-patched-linux-x86_64, r-release-linux-x86_64
Version: 2.32.1
Flags: --no-examples --no-tests --no-vignettes
Check: Rd cross-references
Result: NOTE
Found the following Rd file(s) with Rd \link{} targets missing package
anchors:
launch_shinystan.stanreg.Rd: shinystan-package
loo.stanreg.Rd: loo-package
plot.stanreg.Rd: bayesplot
pp_check.stanreg.Rd: bayesplot
stan_betareg.Rd: stanfit-class
stan_glm.Rd: stanfit-class
stan_lm.Rd: stanfit-class
stan_polr.Rd: stanfit-class
Please provide package anchors for all Rd \link{} targets not in the
package itself and the base packages.
Flavors: r-devel-windows-x86_64, r-release-windows-x86_64
Version: 2.32.1
Check: installed package size
Result: NOTE
installed size is 311.3Mb
sub-directories of 1Mb or more:
R 2.0Mb
doc 4.7Mb
libs 303.8Mb
Flavors: r-oldrel-macos-arm64, r-oldrel-macos-x86_64
Version: 2.32.1
Check: for GNU extensions in Makefiles
Result: NOTE
GNU make is a SystemRequirements.
Flavors: r-oldrel-macos-arm64, r-oldrel-macos-x86_64
Version: 2.32.1
Flags: --no-examples --no-tests --no-vignettes
Check: installed package size
Result: NOTE
installed size is 19.8Mb
sub-directories of 1Mb or more:
R 1.8Mb
doc 4.7Mb
libs 12.6Mb
Flavor: r-oldrel-windows-x86_64
Version: 2.32.1
Flags: --no-examples --no-tests --no-vignettes
Check: for GNU extensions in Makefiles
Result: NOTE
GNU make is a SystemRequirements.
Flavor: r-oldrel-windows-x86_64