CRAN Package Check Results for Package rstream

Last updated on 2025-05-06 06:50:06 CEST.

Flavor Version Tinstall Tcheck Ttotal Status Flags
r-devel-linux-x86_64-debian-clang 1.3.7 5.21 30.67 35.88 NOTE
r-devel-linux-x86_64-debian-gcc 1.3.7 3.57 24.41 27.98 NOTE
r-devel-linux-x86_64-fedora-clang 1.3.7 58.31 OK
r-devel-linux-x86_64-fedora-gcc 1.3.7 56.87 OK
r-devel-windows-x86_64 1.3.7 9.00 56.00 65.00 OK
r-patched-linux-x86_64 1.3.7 5.34 29.28 34.62 OK
r-release-linux-x86_64 1.3.7 5.06 29.23 34.29 OK
r-release-macos-arm64 1.3.7 24.00 OK
r-release-macos-x86_64 1.3.7 41.00 OK
r-release-windows-x86_64 1.3.7 8.00 61.00 69.00 OK
r-oldrel-macos-arm64 1.3.7 21.00 OK
r-oldrel-macos-x86_64 1.3.7 31.00 OK
r-oldrel-windows-x86_64 1.3.7 8.00 55.00 63.00 OK

Check Details

Version: 1.3.7
Check: CRAN incoming feasibility
Result: NOTE Maintainer: ‘Josef Leydold <josef.leydold@wu.ac.at>’ No Authors@R field in DESCRIPTION. Please add one, modifying Authors@R: person(given = "Josef", family = "Leydold", role = c("aut", "cre"), email = "josef.leydold@wu.ac.at") as necessary. Flavors: r-devel-linux-x86_64-debian-clang, r-devel-linux-x86_64-debian-gcc