Last updated on 2025-05-03 12:54:54 CEST.
Flavor | Version | Tinstall | Tcheck | Ttotal | Status | Flags |
---|---|---|---|---|---|---|
r-devel-linux-x86_64-debian-clang | 1.1.0 | 2.66 | 35.86 | 38.52 | OK | |
r-devel-linux-x86_64-debian-gcc | 1.1.0 | 2.25 | 27.81 | 30.06 | OK | |
r-devel-linux-x86_64-fedora-clang | 1.1.0 | 61.70 | NOTE | |||
r-devel-linux-x86_64-fedora-gcc | 1.1.0 | 74.12 | NOTE | |||
r-devel-windows-x86_64 | 1.1.0 | 4.00 | 62.00 | 66.00 | OK | |
r-patched-linux-x86_64 | 1.1.0 | 2.17 | 32.86 | 35.03 | OK | |
r-release-linux-x86_64 | OK | |||||
r-release-macos-arm64 | 1.1.0 | 30.00 | OK | |||
r-release-macos-x86_64 | 1.1.0 | 53.00 | OK | |||
r-release-windows-x86_64 | 1.1.0 | 5.00 | 62.00 | 67.00 | OK | |
r-oldrel-macos-arm64 | 1.1.0 | 31.00 | OK | |||
r-oldrel-macos-x86_64 | 1.1.0 | 89.00 | OK | |||
r-oldrel-windows-x86_64 | 1.1.0 | 6.00 | 69.00 | 75.00 | OK |
Version: 1.1.0
Check: dependencies in R code
Result: NOTE
Namespace in Imports field not imported from: ‘curl’
All declared Imports should be used.
Flavors: r-devel-linux-x86_64-fedora-clang, r-devel-linux-x86_64-fedora-gcc