CRAN Package Check Results for Package ruimtehol

Last updated on 2025-05-04 03:51:05 CEST.

Flavor Version Tinstall Tcheck Ttotal Status Flags
r-devel-linux-x86_64-debian-clang 0.3.2 136.68 360.39 497.07 NOTE
r-devel-linux-x86_64-debian-gcc 0.3.2 99.26 360.10 459.36 NOTE
r-devel-linux-x86_64-fedora-clang 0.3.2 336.09 ERROR
r-devel-linux-x86_64-fedora-gcc 0.3.2 723.81 OK
r-devel-windows-x86_64 0.3.2 142.00 353.00 495.00 OK
r-patched-linux-x86_64 0.3.2 140.95 402.34 543.29 OK
r-release-linux-x86_64 OK
r-release-macos-arm64 0.3.2 203.00 OK
r-release-macos-x86_64 0.3.2 325.00 OK
r-release-windows-x86_64 0.3.2 147.00 335.00 482.00 OK
r-oldrel-macos-arm64 0.3.2 204.00 NOTE
r-oldrel-macos-x86_64 0.3.2 285.00 NOTE
r-oldrel-windows-x86_64 0.3.2 130.00 395.00 525.00 NOTE

Check Details

Version: 0.3.2
Check: CRAN incoming feasibility
Result: NOTE Maintainer: ‘Jan Wijffels <jwijffels@bnosac.be>’ The Description field contains Wu et al. (2017), available at <arXiv:1709.03856>. Please refer to arXiv e-prints via their arXiv DOI <doi:10.48550/arXiv.YYMM.NNNNN>. Flavors: r-devel-linux-x86_64-debian-clang, r-devel-linux-x86_64-debian-gcc

Version: 0.3.2
Check: examples
Result: ERROR Running examples in ‘ruimtehol-Ex.R’ failed The error most likely occurred in: > ### Name: embed_articlespace > ### Title: Build a Starspace model for learning the mapping between > ### sentences and articles (articlespace) > ### Aliases: embed_articlespace > > ### ** Examples > > ## Don't show: > if(require(udpipe)){ + ## End(Don't show) + library(udpipe) + data(brussels_reviews_anno, package = "udpipe") + x <- subset(brussels_reviews_anno, language == "nl") + x$token <- x$lemma + x <- x[, c("doc_id", "sentence_id", "token")] + set.seed(123456789) + model <- embed_articlespace(x, early_stopping = 1, + dim = 25, epoch = 25, minCount = 2, + negSearchLimit = 1, maxNegSamples = 2) + plot(model) + sentences <- c("ook de keuken zijn zeer goed uitgerust .", + "het appartement zijn met veel smaak inrichten en zeer proper .") + predict(model, sentences, type = "embedding") + starspace_embedding(model, sentences) + ## Don't show: + } # End of main if statement running only if the required packages are installed Loading required package: udpipe Start to initialize starspace model. Build dict from input file : /tmp/Rtmp4KMd9l/working_dir/Rtmp1DmMek/textspace_18fb2e37887890.txt Read 0M words Number of words in dictionary: 1273 Number of labels in dictionary: 0 Loading data from file : /tmp/Rtmp4KMd9l/working_dir/Rtmp1DmMek/textspace_18fb2e37887890.txt Total number of examples loaded : 470 2025-05-03 16:21:42 Initialising with learning rate 0.01 Flavor: r-devel-linux-x86_64-fedora-clang

Version: 0.3.2
Check: re-building of vignette outputs
Result: ERROR Error(s) in re-building vignettes: --- re-building ‘ground-control-to-ruimtehol.Rnw’ using Sweave Flavor: r-devel-linux-x86_64-fedora-clang

Version: 0.3.2
Check: installed package size
Result: NOTE installed size is 10.8Mb sub-directories of 1Mb or more: data 3.8Mb libs 6.5Mb Flavors: r-oldrel-macos-arm64, r-oldrel-macos-x86_64, r-oldrel-windows-x86_64