CRAN Package Check Results for Package ruler

Last updated on 2025-07-25 12:50:16 CEST.

Flavor Version Tinstall Tcheck Ttotal Status Flags
r-devel-linux-x86_64-debian-clang 0.3.0 4.21 57.48 61.69 NOTE
r-devel-linux-x86_64-debian-gcc 0.3.0 3.35 42.28 45.63 NOTE
r-devel-linux-x86_64-fedora-clang 0.3.0 100.14 NOTE
r-devel-linux-x86_64-fedora-gcc 0.3.0 105.88 NOTE
r-devel-windows-x86_64 0.3.0 7.00 98.00 105.00 NOTE
r-patched-linux-x86_64 0.3.0 5.51 52.87 58.38 NOTE
r-release-linux-x86_64 0.3.0 4.41 52.73 57.14 NOTE
r-release-macos-arm64 0.3.0 41.00 NOTE
r-release-macos-x86_64 0.3.0 75.00 NOTE
r-release-windows-x86_64 0.3.0 6.00 77.00 83.00 NOTE
r-oldrel-macos-arm64 0.3.0 38.00 NOTE
r-oldrel-macos-x86_64 0.3.0 99.00 NOTE
r-oldrel-windows-x86_64 0.3.0 7.00 90.00 97.00 NOTE

Check Details

Version: 0.3.0
Check: Rd files
Result: NOTE checkRd: (-1) rules.Rd:24: Lost braces; missing escapes or markup? 24 | \item Absent names are replaced with the 'rule__\\{ind\\}' where \\{ind\\} is the | ^ checkRd: (-1) rules.Rd:24: Lost braces; missing escapes or markup? 24 | \item Absent names are replaced with the 'rule__\\{ind\\}' where \\{ind\\} is the | ^ Flavors: r-devel-linux-x86_64-debian-clang, r-devel-linux-x86_64-debian-gcc, r-devel-linux-x86_64-fedora-clang, r-devel-linux-x86_64-fedora-gcc, r-devel-windows-x86_64, r-patched-linux-x86_64, r-release-linux-x86_64, r-release-macos-arm64, r-release-macos-x86_64, r-release-windows-x86_64, r-oldrel-macos-arm64, r-oldrel-macos-x86_64, r-oldrel-windows-x86_64