Last updated on 2024-06-16 11:58:06 CEST.
Flavor | Version | Tinstall | Tcheck | Ttotal | Status | Flags |
---|---|---|---|---|---|---|
r-devel-linux-x86_64-debian-clang | 1.1.0 | 3.60 | 37.82 | 41.42 | NOTE | |
r-devel-linux-x86_64-debian-gcc | 1.1.0 | 2.40 | 29.73 | 32.13 | NOTE | |
r-devel-linux-x86_64-fedora-clang | 1.1.0 | 53.45 | NOTE | |||
r-devel-linux-x86_64-fedora-gcc | 1.1.0 | 63.38 | NOTE | |||
r-devel-windows-x86_64 | 1.1.0 | 3.00 | 50.00 | 53.00 | NOTE | |
r-patched-linux-x86_64 | 1.1.0 | 3.85 | 36.66 | 40.51 | NOTE | |
r-release-linux-x86_64 | 1.1.0 | 3.08 | 36.39 | 39.47 | NOTE | |
r-release-macos-arm64 | 1.1.0 | 30.00 | NOTE | |||
r-release-macos-x86_64 | 1.1.0 | 47.00 | NOTE | |||
r-release-windows-x86_64 | 1.1.0 | 3.00 | 52.00 | 55.00 | NOTE | |
r-oldrel-macos-arm64 | 1.1.0 | 29.00 | NOTE | |||
r-oldrel-macos-x86_64 | 1.1.0 | 36.00 | NOTE | |||
r-oldrel-windows-x86_64 | 1.1.0 | 6.00 | 54.00 | 60.00 | NOTE |
Version: 1.1.0
Check: LazyData
Result: NOTE
'LazyData' is specified without a 'data' directory
Flavors: r-devel-linux-x86_64-debian-clang, r-devel-linux-x86_64-debian-gcc, r-devel-linux-x86_64-fedora-clang, r-devel-linux-x86_64-fedora-gcc, r-devel-windows-x86_64, r-patched-linux-x86_64, r-release-linux-x86_64, r-release-macos-arm64, r-release-macos-x86_64, r-release-windows-x86_64, r-oldrel-macos-arm64, r-oldrel-macos-x86_64, r-oldrel-windows-x86_64
Version: 1.1.0
Check: installed package size
Result: NOTE
installed size is 5.3Mb
sub-directories of 1Mb or more:
doc 4.7Mb
Flavors: r-devel-linux-x86_64-fedora-clang, r-devel-windows-x86_64, r-release-macos-arm64, r-release-macos-x86_64, r-release-windows-x86_64, r-oldrel-macos-arm64, r-oldrel-macos-x86_64, r-oldrel-windows-x86_64