Last updated on 2025-05-06 06:50:06 CEST.
Flavor | Version | Tinstall | Tcheck | Ttotal | Status | Flags |
---|---|---|---|---|---|---|
r-devel-linux-x86_64-debian-clang | 4.0 | 2.95 | 22.97 | 25.92 | NOTE | |
r-devel-linux-x86_64-debian-gcc | 4.0 | 2.15 | 17.59 | 19.74 | NOTE | |
r-devel-linux-x86_64-fedora-clang | 4.0 | 44.83 | OK | |||
r-devel-linux-x86_64-fedora-gcc | 4.0 | 42.66 | OK | |||
r-devel-windows-x86_64 | 4.0 | 4.00 | 43.00 | 47.00 | OK | |
r-patched-linux-x86_64 | 4.0 | 3.31 | 22.18 | 25.49 | OK | |
r-release-linux-x86_64 | 4.0 | 2.98 | 21.98 | 24.96 | OK | |
r-release-macos-arm64 | 4.0 | 17.00 | OK | |||
r-release-macos-x86_64 | 4.0 | 27.00 | OK | |||
r-release-windows-x86_64 | 4.0 | 4.00 | 44.00 | 48.00 | OK | |
r-oldrel-macos-arm64 | 4.0 | 17.00 | OK | |||
r-oldrel-macos-x86_64 | 4.0 | 24.00 | OK | |||
r-oldrel-windows-x86_64 | 4.0 | 4.00 | 47.00 | 51.00 | OK |
Version: 4.0
Check: CRAN incoming feasibility
Result: NOTE
Maintainer: ‘Wei Guo <wei.guo3@nih.gov>’
No Authors@R field in DESCRIPTION.
Please add one, modifying
Authors@R: person(given = "Wei",
family = "Guo",
role = c("aut", "cre"),
email = "wei.guo3@nih.gov")
as necessary.
Flavors: r-devel-linux-x86_64-debian-clang, r-devel-linux-x86_64-debian-gcc