Last updated on 2025-05-04 03:51:05 CEST.
Flavor | Version | Tinstall | Tcheck | Ttotal | Status | Flags |
---|---|---|---|---|---|---|
r-devel-linux-x86_64-debian-clang | 0.1.8 | 3.13 | 27.65 | 30.78 | NOTE | |
r-devel-linux-x86_64-debian-gcc | 0.1.8 | 1.78 | 20.83 | 22.61 | NOTE | |
r-devel-linux-x86_64-fedora-clang | 0.1.8 | 49.62 | OK | |||
r-devel-linux-x86_64-fedora-gcc | 0.1.8 | 47.99 | OK | |||
r-devel-windows-x86_64 | 0.1.8 | 6.00 | 59.00 | 65.00 | OK | |
r-patched-linux-x86_64 | 0.1.8 | 3.56 | 25.57 | 29.13 | OK | |
r-release-linux-x86_64 | OK | |||||
r-release-macos-arm64 | 0.1.8 | 19.00 | OK | |||
r-release-macos-x86_64 | 0.1.8 | 30.00 | OK | |||
r-release-windows-x86_64 | 0.1.8 | 6.00 | 56.00 | 62.00 | OK | |
r-oldrel-macos-arm64 | 0.1.8 | 19.00 | NOTE | |||
r-oldrel-macos-x86_64 | 0.1.8 | 30.00 | NOTE | |||
r-oldrel-windows-x86_64 | 0.1.8 | 6.00 | 64.00 | 70.00 | NOTE |
Version: 0.1.8
Check: CRAN incoming feasibility
Result: NOTE
Maintainer: ‘Eric Hare <eric@omnianalytics.io>’
No Authors@R field in DESCRIPTION.
Please add one, modifying
Authors@R: c(person(given = "Alex",
family = "Shum",
role = "aut",
email = "alex@ALShum.com"),
person(given = "Eric",
family = "Hare",
role = "cre",
email = "eric@omnianalytics.io"))
as necessary.
Flavors: r-devel-linux-x86_64-debian-clang, r-devel-linux-x86_64-debian-gcc
Version: 0.1.8
Check: LazyData
Result: NOTE
'LazyData' is specified without a 'data' directory
Flavors: r-oldrel-macos-arm64, r-oldrel-macos-x86_64, r-oldrel-windows-x86_64