Last updated on 2024-06-17 06:50:30 CEST.
Flavor | Version | Tinstall | Tcheck | Ttotal | Status | Flags |
---|---|---|---|---|---|---|
r-devel-linux-x86_64-debian-clang | 2.0.13 | 104.72 | 74.48 | 179.20 | OK | |
r-devel-linux-x86_64-debian-gcc | 2.0.13 | 74.01 | 55.75 | 129.76 | OK | |
r-devel-linux-x86_64-fedora-clang | 2.0.13 | 227.78 | OK | |||
r-devel-linux-x86_64-fedora-gcc | 2.0.13 | 249.17 | OK | |||
r-devel-windows-x86_64 | 2.0.13 | 83.00 | 100.00 | 183.00 | OK | |
r-patched-linux-x86_64 | 2.0.13 | 92.30 | 70.98 | 163.28 | OK | |
r-release-linux-x86_64 | 2.0.13 | 85.34 | 71.51 | 156.85 | OK | |
r-release-macos-arm64 | 2.0.13 | 64.00 | NOTE | |||
r-release-macos-x86_64 | 2.0.13 | 77.00 | NOTE | |||
r-release-windows-x86_64 | 2.0.13 | 82.00 | 103.00 | 185.00 | OK | |
r-oldrel-macos-arm64 | 2.0.13 | 63.00 | NOTE | |||
r-oldrel-macos-x86_64 | 2.0.13 | 108.00 | NOTE | |||
r-oldrel-windows-x86_64 | 2.0.13 | 102.00 | 119.00 | 221.00 | OK |
Version: 2.0.13
Check: installed package size
Result: NOTE
installed size is 6.9Mb
sub-directories of 1Mb or more:
libs 6.7Mb
Flavors: r-release-macos-arm64, r-release-macos-x86_64, r-oldrel-macos-arm64, r-oldrel-macos-x86_64