Last updated on 2024-06-17 06:50:30 CEST.
Flavor | Version | Tinstall | Tcheck | Ttotal | Status | Flags |
---|---|---|---|---|---|---|
r-devel-linux-x86_64-debian-clang | 2.0.11 | 577.15 | 32.68 | 609.83 | OK | |
r-devel-linux-x86_64-debian-gcc | 2.0.11 | 485.66 | 26.57 | 512.23 | OK | |
r-devel-linux-x86_64-fedora-clang | 2.0.11 | 938.22 | OK | |||
r-devel-linux-x86_64-fedora-gcc | 2.0.11 | 1146.47 | OK | |||
r-devel-windows-x86_64 | 2.0.11 | 575.00 | 99.00 | 674.00 | OK | |
r-patched-linux-x86_64 | 2.0.11 | 591.32 | 32.69 | 624.01 | OK | |
r-release-linux-x86_64 | 2.0.11 | 574.22 | 33.26 | 607.48 | OK | |
r-release-macos-arm64 | 2.0.11 | 169.00 | NOTE | |||
r-release-macos-x86_64 | 2.0.11 | 154.00 | NOTE | |||
r-release-windows-x86_64 | 2.0.11 | 571.00 | 100.00 | 671.00 | OK | |
r-oldrel-macos-arm64 | 2.0.11 | 194.00 | NOTE | |||
r-oldrel-macos-x86_64 | 2.0.11 | 328.00 | NOTE | |||
r-oldrel-windows-x86_64 | 2.0.11 | 694.00 | 114.00 | 808.00 | OK |
Version: 2.0.11
Check: installed package size
Result: NOTE
installed size is 14.4Mb
sub-directories of 1Mb or more:
libs 14.3Mb
Flavors: r-release-macos-arm64, r-release-macos-x86_64, r-oldrel-macos-arm64, r-oldrel-macos-x86_64