Last updated on 2025-05-03 12:54:54 CEST.
Flavor | Version | Tinstall | Tcheck | Ttotal | Status | Flags |
---|---|---|---|---|---|---|
r-devel-linux-x86_64-debian-clang | 0.1.0 | 5.71 | 46.45 | 52.16 | OK | |
r-devel-linux-x86_64-debian-gcc | 0.1.0 | 3.70 | 34.29 | 37.99 | OK | |
r-devel-linux-x86_64-fedora-clang | 0.1.0 | 82.15 | OK | |||
r-devel-linux-x86_64-fedora-gcc | 0.1.0 | 81.88 | OK | |||
r-devel-windows-x86_64 | 0.1.0 | 7.00 | 64.00 | 71.00 | OK | |
r-patched-linux-x86_64 | 0.1.0 | 5.65 | 41.71 | 47.36 | OK | |
r-release-linux-x86_64 | OK | |||||
r-release-macos-arm64 | 0.1.0 | 32.00 | OK | |||
r-release-macos-x86_64 | 0.1.0 | 46.00 | OK | |||
r-release-windows-x86_64 | 0.1.0 | 6.00 | 63.00 | 69.00 | OK | |
r-oldrel-macos-arm64 | 0.1.0 | 29.00 | NOTE | |||
r-oldrel-macos-x86_64 | 0.1.0 | 40.00 | NOTE | |||
r-oldrel-windows-x86_64 | 0.1.0 | 9.00 | 74.00 | 83.00 | NOTE |
Version: 0.1.0
Check: LazyData
Result: NOTE
'LazyData' is specified without a 'data' directory
Flavors: r-oldrel-macos-arm64, r-oldrel-macos-x86_64, r-oldrel-windows-x86_64