Last updated on 2025-05-03 21:51:32 CEST.
Flavor | Version | Tinstall | Tcheck | Ttotal | Status | Flags |
---|---|---|---|---|---|---|
r-devel-linux-x86_64-debian-clang | 0.1.2 | 4.03 | 53.86 | 57.89 | NOTE | |
r-devel-linux-x86_64-debian-gcc | 0.1.2 | 3.27 | 36.22 | 39.49 | NOTE | |
r-devel-linux-x86_64-fedora-clang | 0.1.2 | 90.85 | NOTE | |||
r-devel-linux-x86_64-fedora-gcc | 0.1.2 | 92.43 | NOTE | |||
r-devel-windows-x86_64 | 0.1.2 | 6.00 | 69.00 | 75.00 | OK | |
r-patched-linux-x86_64 | 0.1.2 | 4.82 | 50.61 | 55.43 | OK | |
r-release-linux-x86_64 | OK | |||||
r-release-macos-arm64 | 0.1.2 | 30.00 | OK | |||
r-release-macos-x86_64 | 0.1.2 | 57.00 | OK | |||
r-release-windows-x86_64 | 0.1.2 | 6.00 | 75.00 | 81.00 | OK | |
r-oldrel-macos-arm64 | 0.1.2 | 28.00 | NOTE | |||
r-oldrel-macos-x86_64 | 0.1.2 | 42.00 | NOTE | |||
r-oldrel-windows-x86_64 | 0.1.2 | 7.00 | 84.00 | 91.00 | NOTE |
Version: 0.1.2
Check: CRAN incoming feasibility
Result: NOTE
Maintainer: ‘Collin Erickson <collinberickson@gmail.com>’
No Authors@R field in DESCRIPTION.
Please add one, modifying
Authors@R: person(given = "Collin",
family = "Erickson",
role = c("aut", "cre"),
email = "collinberickson@gmail.com")
as necessary.
Flavors: r-devel-linux-x86_64-debian-clang, r-devel-linux-x86_64-debian-gcc
Version: 0.1.2
Check: dependencies in R code
Result: NOTE
Namespace in Imports field not imported from: ‘R6’
All declared Imports should be used.
Flavors: r-devel-linux-x86_64-fedora-clang, r-devel-linux-x86_64-fedora-gcc
Version: 0.1.2
Check: LazyData
Result: NOTE
'LazyData' is specified without a 'data' directory
Flavors: r-oldrel-macos-arm64, r-oldrel-macos-x86_64, r-oldrel-windows-x86_64