Last updated on 2024-06-17 06:50:30 CEST.
Flavor | Version | Tinstall | Tcheck | Ttotal | Status | Flags |
---|---|---|---|---|---|---|
r-devel-linux-x86_64-debian-clang | 1.2 | 55.44 | 71.69 | 127.13 | NOTE | |
r-devel-linux-x86_64-debian-gcc | 1.2 | 46.46 | 55.36 | 101.82 | NOTE | |
r-devel-linux-x86_64-fedora-clang | 1.2 | 171.41 | NOTE | |||
r-devel-linux-x86_64-fedora-gcc | 1.2 | 182.77 | NOTE | |||
r-devel-windows-x86_64 | 1.2 | 48.00 | 98.00 | 146.00 | NOTE | |
r-patched-linux-x86_64 | 1.2 | 53.62 | 69.32 | 122.94 | NOTE | |
r-release-linux-x86_64 | 1.2 | 60.89 | 68.56 | 129.45 | NOTE | |
r-release-macos-arm64 | 1.2 | 47.00 | NOTE | |||
r-release-macos-x86_64 | 1.2 | 96.00 | NOTE | |||
r-release-windows-x86_64 | 1.2 | 45.00 | 91.00 | 136.00 | NOTE | |
r-oldrel-macos-arm64 | 1.2 | 55.00 | NOTE | |||
r-oldrel-macos-x86_64 | 1.2 | 87.00 | NOTE | |||
r-oldrel-windows-x86_64 | 1.2 | 55.00 | 114.00 | 169.00 | NOTE |
Version: 1.2
Check: C++ specification
Result: NOTE
Specified C++11: please drop specification unless essential
Flavors: r-devel-linux-x86_64-debian-clang, r-devel-linux-x86_64-debian-gcc, r-devel-linux-x86_64-fedora-clang, r-devel-linux-x86_64-fedora-gcc, r-devel-windows-x86_64, r-patched-linux-x86_64, r-release-linux-x86_64, r-release-macos-arm64, r-release-macos-x86_64, r-release-windows-x86_64, r-oldrel-macos-arm64, r-oldrel-macos-x86_64, r-oldrel-windows-x86_64
Version: 1.2
Check: installed package size
Result: NOTE
installed size is 6.7Mb
sub-directories of 1Mb or more:
libs 6.4Mb
Flavors: r-release-macos-arm64, r-release-macos-x86_64, r-oldrel-macos-arm64, r-oldrel-macos-x86_64