Last updated on 2024-06-17 06:50:30 CEST.
Flavor | Version | Tinstall | Tcheck | Ttotal | Status | Flags |
---|---|---|---|---|---|---|
r-devel-linux-x86_64-debian-clang | 0.3.35 | 133.81 | 43.29 | 177.10 | OK | |
r-devel-linux-x86_64-debian-gcc | 0.3.35 | 103.11 | 33.25 | 136.36 | OK | |
r-devel-linux-x86_64-fedora-clang | 0.3.35 | 242.48 | OK | |||
r-devel-linux-x86_64-fedora-gcc | 0.3.35 | 243.94 | OK | |||
r-devel-windows-x86_64 | 0.3.35 | 80.00 | 68.00 | 148.00 | OK | |
r-patched-linux-x86_64 | 0.3.35 | 135.81 | 41.14 | 176.95 | OK | |
r-release-linux-x86_64 | 0.3.35 | 131.17 | 39.72 | 170.89 | OK | |
r-release-macos-arm64 | 0.3.35 | 55.00 | NOTE | |||
r-release-macos-x86_64 | 0.3.35 | 87.00 | NOTE | |||
r-release-windows-x86_64 | 0.3.35 | 84.00 | 72.00 | 156.00 | OK | |
r-oldrel-macos-arm64 | 0.3.35 | 64.00 | NOTE | |||
r-oldrel-macos-x86_64 | 0.3.35 | 132.00 | NOTE | |||
r-oldrel-windows-x86_64 | 0.3.35 | 88.00 | 94.00 | 182.00 | OK |
Version: 0.3.35
Check: installed package size
Result: NOTE
installed size is 7.6Mb
sub-directories of 1Mb or more:
libs 7.3Mb
Flavors: r-release-macos-arm64, r-release-macos-x86_64, r-oldrel-macos-arm64, r-oldrel-macos-x86_64