Last updated on 2025-05-03 12:54:54 CEST.
Flavor | Version | Tinstall | Tcheck | Ttotal | Status | Flags |
---|---|---|---|---|---|---|
r-devel-linux-x86_64-debian-clang | 1.1.1 | 5.03 | 51.41 | 56.44 | OK | |
r-devel-linux-x86_64-debian-gcc | 1.1.1 | 3.56 | 37.53 | 41.09 | OK | |
r-devel-linux-x86_64-fedora-clang | 1.1.1 | 93.10 | NOTE | |||
r-devel-linux-x86_64-fedora-gcc | 1.1.1 | 103.12 | NOTE | |||
r-devel-windows-x86_64 | 1.1.1 | 7.00 | 66.00 | 73.00 | OK | |
r-patched-linux-x86_64 | 1.1.1 | 5.27 | 46.23 | 51.50 | OK | |
r-release-linux-x86_64 | OK | |||||
r-release-macos-arm64 | 1.1.1 | 35.00 | OK | |||
r-release-macos-x86_64 | 1.1.1 | 75.00 | OK | |||
r-release-windows-x86_64 | 1.1.1 | 7.00 | 65.00 | 72.00 | OK | |
r-oldrel-macos-arm64 | 1.1.1 | 35.00 | OK | |||
r-oldrel-macos-x86_64 | 1.1.1 | 64.00 | OK | |||
r-oldrel-windows-x86_64 | 1.1.1 | 8.00 | 79.00 | 87.00 | OK |
Version: 1.1.1
Check: dependencies in R code
Result: NOTE
Namespace in Imports field not imported from: ‘base’
All declared Imports should be used.
Flavors: r-devel-linux-x86_64-fedora-clang, r-devel-linux-x86_64-fedora-gcc