Last updated on 2025-05-03 21:51:31 CEST.
Flavor | Version | Tinstall | Tcheck | Ttotal | Status | Flags |
---|---|---|---|---|---|---|
r-devel-linux-x86_64-debian-clang | 3.0 | 9.94 | 79.02 | 88.96 | NOTE | |
r-devel-linux-x86_64-debian-gcc | 3.0 | 6.51 | 55.02 | 61.53 | NOTE | |
r-devel-linux-x86_64-fedora-clang | 3.0 | 152.56 | NOTE | |||
r-devel-linux-x86_64-fedora-gcc | 3.0 | 145.70 | NOTE | |||
r-devel-windows-x86_64 | 3.0 | 14.00 | 99.00 | 113.00 | NOTE | |
r-patched-linux-x86_64 | 3.0 | 9.07 | 77.04 | 86.11 | NOTE | |
r-release-linux-x86_64 | NOTE | |||||
r-release-macos-arm64 | 3.0 | 42.00 | NOTE | |||
r-release-macos-x86_64 | 3.0 | 82.00 | NOTE | |||
r-release-windows-x86_64 | 3.0 | 13.00 | 97.00 | 110.00 | NOTE | |
r-oldrel-macos-arm64 | 3.0 | 35.00 | NOTE | |||
r-oldrel-macos-x86_64 | 3.0 | 63.00 | NOTE | |||
r-oldrel-windows-x86_64 | 3.0 | 16.00 | 124.00 | 140.00 | NOTE |
Version: 3.0
Check: CRAN incoming feasibility
Result: NOTE
Maintainer: ‘Rob Tibshirani <tibs@stanford.edu>’
No Authors@R field in DESCRIPTION.
Please add one, modifying
Authors@R: c(person(given = "R.",
family = "Tibshirani",
role = "aut"),
person(given = c("Michael", "J."),
family = "Seo",
role = "aut"),
person(given = "G.",
family = "Chu",
role = "aut"),
person(given = "Balasubramanian",
family = "Narasimhan",
role = "aut"),
person(given = "Jun",
family = "Li",
role = "aut"),
person(given = "Rob",
family = "Tibshirani",
role = "cre",
email = "tibs@stanford.edu"))
as necessary.
Flavors: r-devel-linux-x86_64-debian-clang, r-devel-linux-x86_64-debian-gcc
Version: 3.0
Check: Rd files
Result: NOTE
checkRd: (-1) SAM.Rd:67: Escaped LaTeX specials: \$
checkRd: (-1) samr.Rd:59: Escaped LaTeX specials: \$
checkRd: (-1) samr.Rd:84: Escaped LaTeX specials: \# \$
checkRd: (-1) samr.Rd:88: Escaped LaTeX specials: \$
checkRd: (-1) samr.Rd:92: Escaped LaTeX specials: \$
checkRd: (-1) samr.Rd:97: Escaped LaTeX specials: \#
checkRd: (-1) samr.assess.samplesize.plot.Rd:12: Escaped LaTeX specials: \#
Flavors: r-devel-linux-x86_64-debian-clang, r-devel-linux-x86_64-debian-gcc, r-devel-linux-x86_64-fedora-clang, r-devel-linux-x86_64-fedora-gcc, r-devel-windows-x86_64, r-patched-linux-x86_64, r-release-linux-x86_64, r-release-macos-arm64, r-release-macos-x86_64, r-release-windows-x86_64, r-oldrel-macos-arm64, r-oldrel-macos-x86_64, r-oldrel-windows-x86_64