CRAN Package Check Results for Package sandbox

Last updated on 2025-05-03 12:54:54 CEST.

Flavor Version Tinstall Tcheck Ttotal Status Flags
r-devel-linux-x86_64-debian-clang 0.2.1 2.95 26.80 29.75 NOTE
r-devel-linux-x86_64-debian-gcc 0.2.1 2.02 21.05 23.07 NOTE
r-devel-linux-x86_64-fedora-clang 0.2.1 46.62 OK
r-devel-linux-x86_64-fedora-gcc 0.2.1 44.92 OK
r-devel-windows-x86_64 0.2.1 4.00 49.00 53.00 NOTE
r-patched-linux-x86_64 0.2.1 2.72 24.66 27.38 NOTE
r-release-linux-x86_64 NOTE
r-release-macos-arm64 0.2.1 21.00 OK
r-release-macos-x86_64 0.2.1 31.00 OK
r-release-windows-x86_64 0.2.1 5.00 49.00 54.00 NOTE
r-oldrel-macos-arm64 0.2.1 19.00 OK
r-oldrel-macos-x86_64 0.2.1 26.00 OK
r-oldrel-windows-x86_64 0.2.1 5.00 54.00 59.00 OK

Check Details

Version: 0.2.1
Check: Rd cross-references
Result: NOTE Found the following Rd file(s) with Rd \link{} targets missing package anchors: get_RuleBook.Rd: RLumModel-package measure_SAR_OSL.Rd: RLumModel-package set_Rule.Rd: RLumModel-package Please provide package anchors for all Rd \link{} targets not in the package itself and the base packages. Flavors: r-devel-linux-x86_64-debian-clang, r-devel-linux-x86_64-debian-gcc, r-devel-windows-x86_64, r-patched-linux-x86_64, r-release-linux-x86_64, r-release-windows-x86_64