CRAN Package Check Results for Package sankey

Last updated on 2025-05-03 21:51:31 CEST.

Flavor Version Tinstall Tcheck Ttotal Status Flags
r-devel-linux-x86_64-debian-clang 1.0.2 1.99 34.17 36.16 NOTE
r-devel-linux-x86_64-debian-gcc 1.0.2 1.65 24.37 26.02 NOTE
r-devel-linux-x86_64-fedora-clang 1.0.2 62.21 OK
r-devel-linux-x86_64-fedora-gcc 1.0.2 60.20 OK
r-devel-windows-x86_64 1.0.2 3.00 58.00 61.00 OK
r-patched-linux-x86_64 1.0.2 2.08 32.14 34.22 OK
r-release-linux-x86_64 OK
r-release-macos-arm64 1.0.2 22.00 OK
r-release-macos-x86_64 1.0.2 35.00 OK
r-release-windows-x86_64 1.0.2 3.00 51.00 54.00 OK
r-oldrel-macos-arm64 1.0.2 21.00 NOTE
r-oldrel-macos-x86_64 1.0.2 30.00 NOTE
r-oldrel-windows-x86_64 1.0.2 4.00 60.00 64.00 NOTE

Check Details

Version: 1.0.2
Check: CRAN incoming feasibility
Result: NOTE Maintainer: ‘Gábor Csárdi <csardi.gabor@gmail.com>’ No Authors@R field in DESCRIPTION. Please add one, modifying Authors@R: c(person(given = "Gábor", family = "Csárdi", role = c("aut", "cre"), email = "csardi.gabor@gmail.com"), person(given = "January", family = "Weiner", role = "aut")) as necessary. Flavors: r-devel-linux-x86_64-debian-clang, r-devel-linux-x86_64-debian-gcc

Version: 1.0.2
Check: LazyData
Result: NOTE 'LazyData' is specified without a 'data' directory Flavors: r-oldrel-macos-arm64, r-oldrel-macos-x86_64, r-oldrel-windows-x86_64