Last updated on 2025-05-03 12:54:54 CEST.
Flavor | Version | Tinstall | Tcheck | Ttotal | Status | Flags |
---|---|---|---|---|---|---|
r-devel-linux-x86_64-debian-clang | 1.0.0 | 29.01 | 155.34 | 184.35 | NOTE | |
r-devel-linux-x86_64-debian-gcc | 1.0.0 | 22.79 | 101.38 | 124.17 | NOTE | |
r-devel-linux-x86_64-fedora-clang | 1.0.0 | 317.66 | NOTE | |||
r-devel-linux-x86_64-fedora-gcc | 1.0.0 | 313.33 | NOTE | |||
r-devel-windows-x86_64 | 1.0.0 | 39.00 | 154.00 | 193.00 | OK | |
r-patched-linux-x86_64 | 1.0.0 | 29.45 | 145.06 | 174.51 | NOTE | |
r-release-linux-x86_64 | NOTE | |||||
r-release-macos-arm64 | 1.0.0 | 75.00 | NOTE | |||
r-release-macos-x86_64 | 1.0.0 | 145.00 | NOTE | |||
r-release-windows-x86_64 | 1.0.0 | 38.00 | 159.00 | 197.00 | OK | |
r-oldrel-macos-arm64 | 1.0.0 | 66.00 | NOTE | |||
r-oldrel-macos-x86_64 | 1.0.0 | 110.00 | NOTE | |||
r-oldrel-windows-x86_64 | 1.0.0 | 46.00 | 212.00 | 258.00 | OK |
Version: 1.0.0
Check: CRAN incoming feasibility
Result: NOTE
Maintainer: ‘Fabio Centofanti <fabio.centofanti@unina.it>’
The Description field contains
method (Centofanti et al. (2021) <arXiv:2103.15224>) that aims to
Please refer to arXiv e-prints via their arXiv DOI <doi:10.48550/arXiv.YYMM.NNNNN>.
Flavors: r-devel-linux-x86_64-debian-clang, r-devel-linux-x86_64-debian-gcc
Version: 1.0.0
Check: C++ specification
Result: NOTE
Specified C++11: please drop specification unless essential
Flavors: r-devel-linux-x86_64-debian-clang, r-devel-linux-x86_64-debian-gcc, r-devel-linux-x86_64-fedora-clang, r-devel-linux-x86_64-fedora-gcc, r-patched-linux-x86_64, r-release-linux-x86_64, r-release-macos-arm64, r-release-macos-x86_64, r-oldrel-macos-arm64, r-oldrel-macos-x86_64