Last updated on 2025-07-22 12:49:45 CEST.
Flavor | Version | Tinstall | Tcheck | Ttotal | Status | Flags |
---|---|---|---|---|---|---|
r-devel-linux-x86_64-debian-clang | 0.1.3.4 | 4.32 | 572.08 | 576.40 | OK | |
r-devel-linux-x86_64-debian-gcc | 0.1.3.4 | 2.94 | 285.93 | 288.87 | OK | |
r-devel-linux-x86_64-fedora-clang | 0.1.3.4 | 959.73 | OK | |||
r-devel-linux-x86_64-fedora-gcc | 0.1.3.4 | ERROR | ||||
r-devel-windows-x86_64 | 0.1.3.4 | 6.00 | 419.00 | 425.00 | OK | |
r-patched-linux-x86_64 | 0.1.3.4 | 4.06 | 511.25 | 515.31 | OK | |
r-release-linux-x86_64 | 0.1.3.4 | 3.53 | 519.69 | 523.22 | OK | |
r-release-macos-arm64 | 0.1.3.4 | 175.00 | OK | |||
r-release-macos-x86_64 | 0.1.3.4 | 412.00 | OK | |||
r-release-windows-x86_64 | 0.1.3.4 | 6.00 | 436.00 | 442.00 | OK | |
r-oldrel-macos-arm64 | 0.1.3.4 | 120.00 | OK | |||
r-oldrel-macos-x86_64 | 0.1.3.4 | 245.00 | OK | |||
r-oldrel-windows-x86_64 | 0.1.3.4 | 8.00 | 666.00 | 674.00 | OK |
Version: 0.1.3.4
Check: re-building of vignette outputs
Result: ERROR
Error(s) in re-building vignettes:
Warning: elapsed-time limit of 1 hours reached for sub-process
--- re-building ‘a01_Introduction.Rmd’ using rmarkdown
Quitting from a01_Introduction.Rmd:161-168 [unnamed-chunk-14]
Execution halted
--- re-building ‘a02_Using_with_spatialTIME.Rmd’ using rmarkdown
--- finished re-building ‘a02_Using_with_spatialTIME.Rmd’
SUMMARY: processing the following file failed:
‘a01_Introduction.Rmd’
Error: Vignette re-building failed.
Execution halted
Flavor: r-devel-linux-x86_64-fedora-gcc