Last updated on 2025-07-24 12:51:38 CEST.
Flavor | Version | Tinstall | Tcheck | Ttotal | Status | Flags |
---|---|---|---|---|---|---|
r-devel-linux-x86_64-debian-clang | 0.1.4 | 18.72 | 139.03 | 157.75 | NOTE | |
r-devel-linux-x86_64-debian-gcc | 0.1.4 | 12.51 | 99.30 | 111.81 | NOTE | |
r-devel-linux-x86_64-fedora-clang | 0.1.4 | 241.61 | OK | |||
r-devel-linux-x86_64-fedora-gcc | 0.1.4 | 236.15 | OK | |||
r-devel-windows-x86_64 | 0.1.4 | 16.00 | 158.00 | 174.00 | OK | |
r-patched-linux-x86_64 | 0.1.4 | 16.88 | 129.06 | 145.94 | OK | |
r-release-linux-x86_64 | 0.1.4 | 16.46 | 130.38 | 146.84 | OK | |
r-release-macos-arm64 | 0.1.4 | 83.00 | OK | |||
r-release-macos-x86_64 | 0.1.4 | 149.00 | OK | |||
r-release-windows-x86_64 | 0.1.4 | 18.00 | 158.00 | 176.00 | OK | |
r-oldrel-macos-arm64 | 0.1.4 | 84.00 | OK | |||
r-oldrel-macos-x86_64 | 0.1.4 | 126.00 | OK | |||
r-oldrel-windows-x86_64 | 0.1.4 | 24.00 | 209.00 | 233.00 | OK |
Version: 0.1.4
Check: CRAN incoming feasibility
Result: NOTE
Maintainer: ‘Xudong Han <hanxd1217@163.com>’
The Description field contains
Thomas N. Kipf (2017) <arXiv:1609.02907v4>) to construct the gene-cell
Please refer to arXiv e-prints via their arXiv DOI <doi:10.48550/arXiv.YYMM.NNNNN>.
Flavors: r-devel-linux-x86_64-debian-clang, r-devel-linux-x86_64-debian-gcc