Last updated on 2025-05-06 06:50:07 CEST.
Flavor | Version | Tinstall | Tcheck | Ttotal | Status | Flags |
---|---|---|---|---|---|---|
r-devel-linux-x86_64-debian-clang | 0.2-2 | 3.02 | 27.59 | 30.61 | NOTE | |
r-devel-linux-x86_64-debian-gcc | 0.2-2 | 2.49 | 21.58 | 24.07 | NOTE | |
r-devel-linux-x86_64-fedora-clang | 0.2-2 | 47.57 | OK | |||
r-devel-linux-x86_64-fedora-gcc | 0.2-2 | 45.59 | OK | |||
r-devel-windows-x86_64 | 0.2-2 | 5.00 | 53.00 | 58.00 | OK | |
r-patched-linux-x86_64 | 0.2-2 | 3.60 | 27.09 | 30.69 | OK | |
r-release-linux-x86_64 | 0.2-2 | 3.17 | 26.47 | 29.64 | OK | |
r-release-macos-arm64 | 0.2-2 | 21.00 | OK | |||
r-release-macos-x86_64 | 0.2-2 | 40.00 | OK | |||
r-release-windows-x86_64 | 0.2-2 | 7.00 | 53.00 | 60.00 | OK | |
r-oldrel-macos-arm64 | 0.2-2 | 15.00 | OK | |||
r-oldrel-macos-x86_64 | 0.2-2 | 31.00 | OK | |||
r-oldrel-windows-x86_64 | 0.2-2 | 6.00 | 60.00 | 66.00 | OK |
Version: 0.2-2
Check: CRAN incoming feasibility
Result: NOTE
Maintainer: ‘Yining Chen <y.chen101@lse.ac.uk>’
No Authors@R field in DESCRIPTION.
Please add one, modifying
Authors@R: c(person(given = "Yining",
family = "Chen",
role = c("aut", "cre"),
email = "y.chen101@lse.ac.uk"),
person(given = "Richard",
family = "Samworth",
role = "aut"))
as necessary.
Flavors: r-devel-linux-x86_64-debian-clang, r-devel-linux-x86_64-debian-gcc