Last updated on 2025-05-03 21:51:31 CEST.
Flavor | Version | Tinstall | Tcheck | Ttotal | Status | Flags |
---|---|---|---|---|---|---|
r-devel-linux-x86_64-debian-clang | 0.1 | 1.65 | 20.54 | 22.19 | NOTE | |
r-devel-linux-x86_64-debian-gcc | 0.1 | 1.31 | 16.73 | 18.04 | NOTE | |
r-devel-linux-x86_64-fedora-clang | 0.1 | 37.04 | OK | |||
r-devel-linux-x86_64-fedora-gcc | 0.1 | 48.90 | OK | |||
r-devel-windows-x86_64 | 0.1 | 2.00 | 45.00 | 47.00 | OK | |
r-patched-linux-x86_64 | 0.1 | 1.72 | 19.86 | 21.58 | OK | |
r-release-linux-x86_64 | OK | |||||
r-release-macos-arm64 | 0.1 | 47.00 | OK | |||
r-release-macos-x86_64 | 0.1 | 38.00 | OK | |||
r-release-windows-x86_64 | 0.1 | 3.00 | 43.00 | 46.00 | OK | |
r-oldrel-macos-arm64 | 0.1 | 22.00 | OK | |||
r-oldrel-macos-x86_64 | 0.1 | 33.00 | OK | |||
r-oldrel-windows-x86_64 | 0.1 | 2.00 | 46.00 | 48.00 | OK |
Version: 0.1
Check: CRAN incoming feasibility
Result: NOTE
Maintainer: ‘Obinna Obianom <idonshayo@gmail.com>’
No Authors@R field in DESCRIPTION.
Please add one, modifying
Authors@R: person(given = "Obinna",
family = "Obianom",
role = c("aut", "cre"),
email = "idonshayo@gmail.com")
as necessary.
The BugReports field in DESCRIPTION has
https://github.com/oobianom/sciRmdTheme
which should likely be
https://github.com/oobianom/sciRmdTheme/issues
instead.
Flavors: r-devel-linux-x86_64-debian-clang, r-devel-linux-x86_64-debian-gcc