Last updated on 2025-05-03 12:54:54 CEST.
Flavor | Version | Tinstall | Tcheck | Ttotal | Status | Flags |
---|---|---|---|---|---|---|
r-devel-linux-x86_64-debian-clang | 0.0.1.0 | 11.15 | 95.75 | 106.90 | OK | |
r-devel-linux-x86_64-debian-gcc | 0.0.1.0 | 8.97 | 68.47 | 77.44 | OK | |
r-devel-linux-x86_64-fedora-clang | 0.0.1.0 | 185.57 | OK | |||
r-devel-linux-x86_64-fedora-gcc | 0.0.1.0 | 163.39 | OK | |||
r-devel-windows-x86_64 | 0.0.1.0 | 15.00 | 107.00 | 122.00 | OK | |
r-patched-linux-x86_64 | 0.0.1.0 | 10.50 | 91.31 | 101.81 | OK | |
r-release-linux-x86_64 | OK | |||||
r-release-macos-arm64 | 0.0.1.0 | 45.00 | OK | |||
r-release-macos-x86_64 | 0.0.1.0 | 84.00 | OK | |||
r-release-windows-x86_64 | 0.0.1.0 | 13.00 | 108.00 | 121.00 | OK | |
r-oldrel-macos-arm64 | 0.0.1.0 | 46.00 | NOTE | |||
r-oldrel-macos-x86_64 | 0.0.1.0 | 65.00 | NOTE | |||
r-oldrel-windows-x86_64 | 0.0.1.0 | 18.00 | 134.00 | 152.00 | NOTE |
Version: 0.0.1.0
Check: LazyData
Result: NOTE
'LazyData' is specified without a 'data' directory
Flavors: r-oldrel-macos-arm64, r-oldrel-macos-x86_64, r-oldrel-windows-x86_64