Last updated on 2024-06-17 06:50:30 CEST.
Flavor | Version | Tinstall | Tcheck | Ttotal | Status | Flags |
---|---|---|---|---|---|---|
r-devel-linux-x86_64-debian-clang | 3.2.4 | 9.55 | 26.63 | 36.18 | NOTE | |
r-devel-linux-x86_64-debian-gcc | 3.2.4 | 11.44 | 20.44 | 31.88 | NOTE | |
r-devel-linux-x86_64-fedora-clang | 3.2.4 | 46.88 | NOTE | |||
r-devel-linux-x86_64-fedora-gcc | 3.2.4 | 53.56 | NOTE | |||
r-devel-windows-x86_64 | 3.2.4 | 29.00 | 45.00 | 74.00 | NOTE | |
r-patched-linux-x86_64 | 3.2.4 | 12.11 | 25.00 | 37.11 | NOTE | |
r-release-linux-x86_64 | 3.2.4 | 13.22 | 25.35 | 38.57 | NOTE | |
r-release-macos-arm64 | 3.2.4 | 20.00 | NOTE | |||
r-release-macos-x86_64 | 3.2.4 | 34.00 | NOTE | |||
r-release-windows-x86_64 | 3.2.4 | 32.00 | 46.00 | 78.00 | NOTE | |
r-oldrel-macos-arm64 | 3.2.4 | 22.00 | NOTE | |||
r-oldrel-macos-x86_64 | 3.2.4 | 30.00 | NOTE | |||
r-oldrel-windows-x86_64 | 3.2.4 | 31.00 | 47.00 | 78.00 | NOTE |
Version: 3.2.4
Check: for GNU extensions in Makefiles
Result: NOTE
GNU make is a SystemRequirements.
Flavors: r-devel-linux-x86_64-debian-clang, r-devel-linux-x86_64-debian-gcc, r-devel-linux-x86_64-fedora-clang, r-devel-linux-x86_64-fedora-gcc, r-devel-windows-x86_64, r-patched-linux-x86_64, r-release-linux-x86_64, r-release-macos-arm64, r-release-macos-x86_64, r-release-windows-x86_64, r-oldrel-macos-arm64, r-oldrel-macos-x86_64, r-oldrel-windows-x86_64