Last updated on 2024-06-17 06:50:30 CEST.
Flavor | Version | Tinstall | Tcheck | Ttotal | Status | Flags |
---|---|---|---|---|---|---|
r-devel-linux-x86_64-debian-clang | 0.2.0 | 4.42 | 46.21 | 50.63 | NOTE | |
r-devel-linux-x86_64-debian-gcc | 0.2.0 | 4.38 | 34.62 | 39.00 | NOTE | |
r-devel-linux-x86_64-fedora-clang | 0.2.0 | 65.84 | NOTE | |||
r-devel-linux-x86_64-fedora-gcc | 0.2.0 | 61.48 | NOTE | |||
r-devel-windows-x86_64 | 0.2.0 | 6.00 | 58.00 | 64.00 | NOTE | |
r-patched-linux-x86_64 | 0.2.0 | 4.57 | 43.43 | 48.00 | NOTE | |
r-release-linux-x86_64 | 0.2.0 | 3.95 | 44.54 | 48.49 | NOTE | |
r-release-macos-arm64 | 0.2.0 | 24.00 | NOTE | |||
r-release-macos-x86_64 | 0.2.0 | 36.00 | NOTE | |||
r-release-windows-x86_64 | 0.2.0 | 6.00 | 57.00 | 63.00 | NOTE | |
r-oldrel-macos-arm64 | 0.2.0 | 24.00 | OK | |||
r-oldrel-macos-x86_64 | 0.2.0 | 32.00 | OK | |||
r-oldrel-windows-x86_64 | 0.2.0 | 7.00 | 62.00 | 69.00 | OK |
Version: 0.2.0
Check: Rd files
Result: NOTE
checkRd: (-1) geom_flat_violin.Rd:7: Lost braces
7 | url{https://gist.github.com/dgrtwo/eb7750e74997891d7c20}
| ^
Flavors: r-devel-linux-x86_64-debian-clang, r-devel-linux-x86_64-debian-gcc, r-devel-linux-x86_64-fedora-clang, r-devel-linux-x86_64-fedora-gcc, r-devel-windows-x86_64, r-patched-linux-x86_64, r-release-linux-x86_64, r-release-macos-arm64, r-release-macos-x86_64, r-release-windows-x86_64
Version: 0.2.0
Check: data for non-ASCII characters
Result: NOTE
Note: found 1 marked UTF-8 string
Flavors: r-devel-linux-x86_64-fedora-clang, r-devel-linux-x86_64-fedora-gcc