Last updated on 2025-05-03 21:51:31 CEST.
Flavor | Version | Tinstall | Tcheck | Ttotal | Status | Flags |
---|---|---|---|---|---|---|
r-devel-linux-x86_64-debian-clang | 0.5.0 | 6.01 | 68.71 | 74.72 | NOTE | |
r-devel-linux-x86_64-debian-gcc | 0.5.0 | 4.13 | 50.59 | 54.72 | NOTE | |
r-devel-linux-x86_64-fedora-clang | 0.5.1 | 61.84 | OK | |||
r-devel-linux-x86_64-fedora-gcc | 0.5.1 | 68.48 | OK | |||
r-devel-windows-x86_64 | 0.5.0 | 7.00 | 88.00 | 95.00 | OK | |
r-patched-linux-x86_64 | 0.5.0 | 5.36 | 63.18 | 68.54 | OK | |
r-release-linux-x86_64 | OK | |||||
r-release-macos-arm64 | 0.5.1 | 47.00 | OK | |||
r-release-macos-x86_64 | 0.5.1 | 98.00 | OK | |||
r-release-windows-x86_64 | 0.5.0 | 6.00 | 87.00 | 93.00 | OK | |
r-oldrel-macos-arm64 | 0.5.1 | 48.00 | OK | |||
r-oldrel-macos-x86_64 | 0.5.1 | 99.00 | OK | |||
r-oldrel-windows-x86_64 | 0.5.0 | 9.00 | 104.00 | 113.00 | OK |
Version: 0.5.0
Check: CRAN incoming feasibility
Result: NOTE
Maintainer: ‘Matthias Gomolka <matthias.gomolka@posteo.de>’
Package has help file(s) containing later-stage \Sexpr{} expressions
but no 'build/stage23.rdb' file.
Flavors: r-devel-linux-x86_64-debian-clang, r-devel-linux-x86_64-debian-gcc