Last updated on 2025-05-03 21:51:31 CEST.
Flavor | Version | Tinstall | Tcheck | Ttotal | Status | Flags |
---|---|---|---|---|---|---|
r-devel-linux-x86_64-debian-clang | 5.7.8 | 67.90 | 126.43 | 194.33 | NOTE | |
r-devel-linux-x86_64-debian-gcc | 5.7.8 | 48.26 | 82.27 | 130.53 | NOTE | |
r-devel-linux-x86_64-fedora-clang | 5.7.8 | 321.42 | OK | |||
r-devel-linux-x86_64-fedora-gcc | 5.7.8 | 340.91 | OK | |||
r-devel-windows-x86_64 | 5.7.8 | 82.00 | 160.00 | 242.00 | NOTE | |
r-patched-linux-x86_64 | 5.7.8 | 68.61 | 112.48 | 181.09 | NOTE | |
r-release-linux-x86_64 | NOTE | |||||
r-release-macos-arm64 | 5.7.8 | 80.00 | OK | |||
r-release-macos-x86_64 | 5.7.8 | 125.00 | OK | |||
r-release-windows-x86_64 | 5.7.8 | 78.00 | 156.00 | 234.00 | NOTE | |
r-oldrel-macos-arm64 | 5.7.8 | 85.00 | NOTE | |||
r-oldrel-macos-x86_64 | 5.7.8 | 112.00 | NOTE | |||
r-oldrel-windows-x86_64 | 5.7.8 | 97.00 | 199.00 | 296.00 | OK |
Version: 5.7.8
Check: Rd cross-references
Result: NOTE
Found the following Rd file(s) with Rd \link{} targets missing package
anchors:
modRisk.Rd: loglm
Please provide package anchors for all Rd \link{} targets not in the
package itself and the base packages.
Flavors: r-devel-linux-x86_64-debian-clang, r-devel-linux-x86_64-debian-gcc, r-devel-windows-x86_64, r-patched-linux-x86_64, r-release-linux-x86_64, r-release-windows-x86_64
Version: 5.7.8
Check: installed package size
Result: NOTE
installed size is 6.8Mb
sub-directories of 1Mb or more:
libs 3.9Mb
Flavors: r-oldrel-macos-arm64, r-oldrel-macos-x86_64