Last updated on 2025-05-06 03:51:15 CEST.
Flavor | Version | Tinstall | Tcheck | Ttotal | Status | Flags |
---|---|---|---|---|---|---|
r-devel-linux-x86_64-debian-clang | 0.6 | 34.36 | 29.49 | 63.85 | NOTE | |
r-devel-linux-x86_64-debian-gcc | 0.6 | 22.82 | 24.25 | 47.07 | NOTE | |
r-devel-linux-x86_64-fedora-clang | 0.6 | 105.39 | OK | |||
r-devel-linux-x86_64-fedora-gcc | 0.6 | 114.53 | OK | |||
r-devel-windows-x86_64 | 0.6 | 35.00 | 71.00 | 106.00 | OK | |
r-patched-linux-x86_64 | 0.6 | 27.52 | 29.34 | 56.86 | OK | |
r-release-linux-x86_64 | 0.6 | 30.41 | 29.06 | 59.47 | OK | |
r-release-macos-arm64 | 0.6 | 42.00 | OK | |||
r-release-macos-x86_64 | 0.6 | 61.00 | OK | |||
r-release-windows-x86_64 | 0.6 | 35.00 | 72.00 | 107.00 | OK | |
r-oldrel-macos-arm64 | 0.6 | 35.00 | OK | |||
r-oldrel-macos-x86_64 | 0.6 | 44.00 | OK | |||
r-oldrel-windows-x86_64 | 0.6 | 40.00 | 84.00 | 124.00 | OK |
Version: 0.6
Check: CRAN incoming feasibility
Result: NOTE
Maintainer: ‘Aditya Mishra <aditya.mishra@uconn.edu>’
No Authors@R field in DESCRIPTION.
Please add one, modifying
Authors@R: c(person(given = "Aditya",
family = "Mishra",
role = c("aut", "cre"),
email = "aditya.mishra@uconn.edu"),
person(given = "Kun",
family = "Chen",
role = c("aut", "cre")))
as necessary.
Flavors: r-devel-linux-x86_64-debian-clang, r-devel-linux-x86_64-debian-gcc